Last updated on 2023-06-09 11:57:38 CEST.
Flavor | Version | Tinstall | Tcheck | Ttotal | Status | Flags |
---|---|---|---|---|---|---|
r-devel-linux-x86_64-debian-clang | 0.1.0 | 16.20 | 229.95 | 246.15 | OK | |
r-devel-linux-x86_64-debian-gcc | 0.1.0 | 13.72 | 175.25 | 188.97 | OK | |
r-devel-linux-x86_64-fedora-clang | 0.1.0 | 300.63 | OK | |||
r-devel-linux-x86_64-fedora-gcc | 0.1.0 | 299.43 | OK | |||
r-devel-windows-x86_64 | 0.1.0 | 13.00 | 199.00 | 212.00 | OK | |
r-patched-linux-x86_64 | 0.1.0 | 13.49 | 218.30 | 231.79 | OK | |
r-release-linux-x86_64 | 0.1.0 | 11.07 | 217.94 | 229.01 | OK | |
r-release-macos-arm64 | 0.1.0 | 103.00 | NOTE | |||
r-release-macos-x86_64 | 0.1.0 | 174.00 | NOTE | |||
r-release-windows-x86_64 | 0.1.0 | 19.00 | 246.00 | 265.00 | OK | |
r-oldrel-macos-arm64 | 0.1.0 | 86.00 | NOTE | |||
r-oldrel-macos-x86_64 | 0.1.0 | 132.00 | OK | |||
r-oldrel-windows-x86_64 | 0.1.0 | 20.00 | 255.00 | 275.00 | OK |
Version: 0.1.0
Check: installed package size
Result: NOTE
installed size is 5.1Mb
sub-directories of 1Mb or more:
data 3.1Mb
doc 1.3Mb
Flavors: r-release-macos-arm64, r-release-macos-x86_64, r-oldrel-macos-arm64