Last updated on 2021-03-09 05:47:21 CET.
Flavor | Version | Tinstall | Tcheck | Ttotal | Status | Flags |
---|---|---|---|---|---|---|
r-devel-linux-x86_64-debian-clang | 0.2.0 | 7.27 | 69.79 | 77.06 | OK | |
r-devel-linux-x86_64-debian-gcc | 0.2.0 | 6.11 | 54.00 | 60.11 | OK | |
r-devel-linux-x86_64-fedora-clang | 0.2.0 | 102.74 | NOTE | |||
r-devel-linux-x86_64-fedora-gcc | 0.2.0 | 97.15 | NOTE | |||
r-devel-windows-ix86+x86_64 | 0.2.0 | 16.00 | 100.00 | 116.00 | OK | |
r-devel-windows-x86_64-gcc10-UCRT | 0.2.0 | NOTE | ||||
r-patched-linux-x86_64 | 0.2.0 | 5.88 | 66.42 | 72.30 | OK | |
r-patched-solaris-x86 | 0.2.0 | 135.90 | NOTE | |||
r-release-linux-x86_64 | 0.2.0 | 7.31 | 66.16 | 73.47 | OK | |
r-release-macos-x86_64 | 0.2.0 | NOTE | ||||
r-release-windows-ix86+x86_64 | 0.2.0 | 16.00 | 85.00 | 101.00 | OK | |
r-oldrel-macos-x86_64 | 0.2.0 | NOTE | ||||
r-oldrel-windows-ix86+x86_64 | 0.2.0 | 14.00 | 90.00 | 104.00 | OK |
Version: 0.2.0
Check: data for non-ASCII characters
Result: NOTE
Note: found 2 marked UTF-8 strings
Flavors: r-devel-linux-x86_64-fedora-clang, r-devel-linux-x86_64-fedora-gcc, r-devel-windows-x86_64-gcc10-UCRT, r-patched-solaris-x86, r-release-macos-x86_64, r-oldrel-macos-x86_64