CRAN Package Check Results for Package subniche

Last updated on 2023-05-28 12:02:03 CEST.

Flavor Version Tinstall Tcheck Ttotal Status Flags
r-devel-linux-x86_64-debian-clang 1.5 14.25 144.80 159.05 OK
r-devel-linux-x86_64-debian-gcc 1.5 11.47 108.47 119.94 OK
r-devel-linux-x86_64-fedora-clang 1.5 203.32 OK
r-devel-linux-x86_64-fedora-gcc 1.5 188.16 OK
r-devel-windows-x86_64 1.5 15.00 116.00 131.00 OK
r-patched-linux-x86_64 1.5 20.45 135.39 155.84 OK
r-release-linux-x86_64 1.5 10.13 133.35 143.48 OK
r-release-macos-arm64 1.5 57.00 OK
r-release-macos-x86_64 1.5 91.00 NOTE
r-release-windows-x86_64 1.5 20.00 142.00 162.00 OK
r-oldrel-macos-arm64 1.5 55.00 OK
r-oldrel-macos-x86_64 1.5 77.00 OK
r-oldrel-windows-x86_64 1.5 20.00 142.00 162.00 OK

Check Details

Version: 1.5
Check: package dependencies
Result: NOTE
    Packages suggested but not available for checking: 'adegraphics', 'spdep'
Flavor: r-release-macos-x86_64