CRAN Package Check Results for Package subscreen

Last updated on 2020-11-30 23:50:41 CET.

Flavor Version Tinstall Tcheck Ttotal Status Flags
r-devel-linux-x86_64-debian-clang 3.0.1 5.10 58.28 63.38 OK
r-devel-linux-x86_64-debian-gcc 3.0.1 3.77 43.82 47.59 OK
r-devel-linux-x86_64-fedora-clang 3.0.1 73.03 NOTE
r-devel-linux-x86_64-fedora-gcc 3.0.1 62.58 NOTE
r-devel-windows-ix86+x86_64 3.0.1 10.00 52.00 62.00 OK
r-patched-linux-x86_64 3.0.1 4.84 54.62 59.46 OK
r-patched-solaris-x86 3.0.1 98.30 NOTE
r-release-linux-x86_64 3.0.1 4.26 52.98 57.24 OK
r-release-macos-x86_64 3.0.1 NOTE
r-release-windows-ix86+x86_64 3.0.1 8.00 46.00 54.00 OK
r-oldrel-macos-x86_64 3.0.1 NOTE
r-oldrel-windows-ix86+x86_64 3.0.1 11.00 71.00 82.00 OK

Check Details

Version: 3.0.1
Check: dependencies in R code
Result: NOTE
    Namespaces in Imports field not imported from:
     ‘DT’ ‘V8’ ‘bsplus’ ‘colourpicker’ ‘dplyr’ ‘grDevices’ ‘graphics’
     ‘jsonlite’ ‘purrr’ ‘shinyWidgets’ ‘shinyjs’
     All declared Imports should be used.
Flavors: r-devel-linux-x86_64-fedora-clang, r-devel-linux-x86_64-fedora-gcc, r-patched-solaris-x86, r-release-macos-x86_64, r-oldrel-macos-x86_64