CRAN Package Check Results for Package subtee

Last updated on 2021-07-30 05:52:31 CEST.

Flavor Version Tinstall Tcheck Ttotal Status Flags
r-devel-linux-x86_64-debian-clang 0.3-7.1 OK
r-devel-linux-x86_64-debian-gcc 0.3-7.1 8.71 175.55 184.26 OK
r-devel-linux-x86_64-fedora-clang 0.3-7.1 285.08 OK
r-devel-linux-x86_64-fedora-gcc 0.3-7.1 251.16 OK
r-devel-windows-x86_64 0.3-7.1 12.00 284.00 296.00 OK
r-devel-windows-x86_64-gcc10-UCRT 0.3-7.1 OK
r-patched-linux-x86_64 0.3-7.1 OK
r-patched-solaris-x86 0.3-7.1 383.60 OK
r-release-linux-x86_64 0.3-7.1 11.37 231.80 243.17 OK
r-release-macos-arm64 0.3-7.1 WARN
r-release-macos-x86_64 0.3-7.1 OK
r-release-windows-ix86+x86_64 0.3-7.1 24.00 230.00 254.00 OK
r-oldrel-macos-x86_64 0.3-7.1 OK
r-oldrel-windows-ix86+x86_64 0.3-7.1 19.00 282.00 301.00 OK

Check Details

Version: 0.3-7.1
Check: re-building of vignette outputs
Result: WARN
    Error(s) in re-building vignettes:
    --- re-building ‘plotting_functions.Rmd’ using rmarkdown
    Warning in engine$weave(file, quiet = quiet, encoding = enc) :
     Pandoc (>= 1.12.3) not available. Falling back to R Markdown v1.
    trying URL 'https://www.uniklinik-freiburg.de/fileadmin/mediapool/08_institute/biometrie-statistik/Dateien/Studium_und_Lehre/Lehrbuecher/Multivariable_Model-building/adv_prostate_ca.zip'
    Content type 'application/zip' length 62590 bytes (61 KB)
    ==================================================
    downloaded 61 KB
    
    Quitting from lines 76-81 (plotting_functions.Rmd)
    Error: processing vignette 'plotting_functions.Rmd' failed with diagnostics:
    polygon edge not found
    --- failed re-building ‘plotting_functions.Rmd’
    
    --- re-building ‘subbuild_function.Rmd’ using rmarkdown
    Warning in engine$weave(file, quiet = quiet, encoding = enc) :
     Pandoc (>= 1.12.3) not available. Falling back to R Markdown v1.
    trying URL 'https://www.uniklinik-freiburg.de/fileadmin/mediapool/08_institute/biometrie-statistik/Dateien/Studium_und_Lehre/Lehrbuecher/Multivariable_Model-building/adv_prostate_ca.zip'
    Content type 'application/zip' length 62590 bytes (61 KB)
    ==================================================
    downloaded 61 KB
    
    --- finished re-building ‘subbuild_function.Rmd’
    
    --- re-building ‘subtee_package.Rmd’ using rmarkdown
    Warning in engine$weave(file, quiet = quiet, encoding = enc) :
     Pandoc (>= 1.12.3) not available. Falling back to R Markdown v1.
    trying URL 'https://www.uniklinik-freiburg.de/fileadmin/mediapool/08_institute/biometrie-statistik/Dateien/Studium_und_Lehre/Lehrbuecher/Multivariable_Model-building/adv_prostate_ca.zip'
    Content type 'application/zip' length 62590 bytes (61 KB)
    ==================================================
    downloaded 61 KB
    
    --- finished re-building ‘subtee_package.Rmd’
    
    SUMMARY: processing the following file failed:
     ‘plotting_functions.Rmd’
    
    Error: Vignette re-building failed.
    Execution halted
Flavor: r-release-macos-arm64