CRAN Package Check Results for Package sunburstR

Last updated on 2024-02-29 11:49:41 CET.

Flavor Version Tinstall Tcheck Ttotal Status Flags
r-devel-linux-x86_64-debian-clang 2.1.8 2.56 52.57 55.13 NOTE
r-devel-linux-x86_64-debian-gcc 2.1.8 2.81 40.40 43.21 NOTE
r-devel-linux-x86_64-fedora-clang 2.1.8 69.02 NOTE
r-devel-linux-x86_64-fedora-gcc 2.1.8 77.97 NOTE
r-devel-windows-x86_64 2.1.8 4.00 64.00 68.00 OK
r-patched-linux-x86_64 2.1.8 3.02 50.73 53.75 OK
r-release-linux-x86_64 2.1.8 3.94 51.19 55.13 OK
r-release-macos-arm64 2.1.8 33.00 OK
r-release-macos-x86_64 2.1.8 45.00 OK
r-release-windows-x86_64 2.1.8 5.00 72.00 77.00 OK
r-oldrel-macos-arm64 2.1.8 27.00 OK
r-oldrel-windows-x86_64 2.1.8 6.00 90.00 96.00 OK

Check Details

Version: 2.1.8
Check: Rd files
Result: NOTE checkRd: (-1) sunburst.Rd:30: Lost braces; missing escapes or markup? 30 | nested d3 JSON hierarchy with `{name:..., children:[];}`. \code{csvdata} | ^ checkRd: (-1) sunburst.Rd:88: Lost braces; missing escapes or markup? 88 | \item{jsondata}{\code{deprecated} use data argument instead; data in nested d3 JSON hierarchy with `{name:..., children:[];}`} | ^ checkRd: (-1) sund2b.Rd:22: Lost braces; missing escapes or markup? 22 | nested d3 JSON hierarchy with `{name:..., children:[];}`. \code{list}, \code{character}, | ^ Flavors: r-devel-linux-x86_64-debian-clang, r-devel-linux-x86_64-debian-gcc, r-devel-linux-x86_64-fedora-clang, r-devel-linux-x86_64-fedora-gcc