CRAN Package Check Results for Package superMICE

Last updated on 2023-02-01 06:56:27 CET.

Flavor Version Tinstall Tcheck Ttotal Status Flags
r-devel-linux-x86_64-debian-clang 1.1.1 6.40 53.97 60.37 NOTE
r-devel-linux-x86_64-debian-gcc 1.1.1 4.68 39.99 44.67 NOTE
r-devel-linux-x86_64-fedora-clang 1.1.1 77.92 NOTE
r-devel-linux-x86_64-fedora-gcc 1.1.1 77.93 NOTE
r-devel-windows-x86_64 1.1.1 16.00 78.00 94.00 OK
r-patched-linux-x86_64 1.1.1 12.74 55.91 68.65 NOTE
r-release-linux-x86_64 1.1.1 5.11 56.32 61.43 NOTE
r-release-macos-arm64 1.1.1 27.00 OK
r-release-macos-x86_64 1.1.1 37.00 OK
r-release-windows-x86_64 1.1.1 13.00 90.00 103.00 OK
r-oldrel-macos-arm64 1.1.1 30.00 OK
r-oldrel-macos-x86_64 1.1.1 35.00 OK
r-oldrel-windows-ix86+x86_64 1.1.1 18.00 85.00 103.00 OK

Check Details

Version: 1.1.1
Check: package dependencies
Result: NOTE
    Package suggested but not available for checking: ‘extraTrees’
Flavors: r-devel-linux-x86_64-debian-clang, r-devel-linux-x86_64-debian-gcc, r-devel-linux-x86_64-fedora-clang, r-devel-linux-x86_64-fedora-gcc, r-patched-linux-x86_64, r-release-linux-x86_64