Last updated on 2023-09-28 05:57:02 CEST.
Flavor | Version | Tinstall | Tcheck | Ttotal | Status | Flags |
---|---|---|---|---|---|---|
r-devel-linux-x86_64-debian-clang | 1.1.1 | 13.56 | 114.35 | 127.91 | NOTE | |
r-devel-linux-x86_64-debian-gcc | 1.1.1 | 11.79 | 83.21 | 95.00 | NOTE | |
r-devel-linux-x86_64-fedora-clang | 1.1.1 | 158.29 | NOTE | |||
r-devel-linux-x86_64-fedora-gcc | 1.1.1 | 155.18 | NOTE | |||
r-devel-windows-x86_64 | 1.1.1 | 14.00 | 92.00 | 106.00 | NOTE | |
r-patched-linux-x86_64 | 1.1.1 | 19.02 | 105.20 | 124.22 | NOTE | |
r-release-linux-x86_64 | 1.1.1 | 11.67 | 107.46 | 119.13 | NOTE | |
r-release-macos-arm64 | 1.1.1 | 25.00 | NOTE | |||
r-release-macos-x86_64 | 1.1.1 | 37.00 | NOTE | |||
r-release-windows-x86_64 | 1.1.1 | 17.00 | 109.00 | 126.00 | NOTE | |
r-oldrel-macos-arm64 | 1.1.1 | 27.00 | OK | |||
r-oldrel-macos-x86_64 | 1.1.1 | 37.00 | OK | |||
r-oldrel-windows-x86_64 | 1.1.1 | 18.00 | 112.00 | 130.00 | NOTE |
Version: 1.1.1
Check: package dependencies
Result: NOTE
Package suggested but not available for checking: ‘extraTrees’
Flavors: r-devel-linux-x86_64-debian-clang, r-devel-linux-x86_64-debian-gcc, r-devel-linux-x86_64-fedora-clang, r-devel-linux-x86_64-fedora-gcc, r-devel-windows-x86_64, r-patched-linux-x86_64, r-release-linux-x86_64, r-release-macos-arm64, r-release-windows-x86_64, r-oldrel-windows-x86_64
Version: 1.1.1
Check: package dependencies
Result: NOTE
Packages suggested but not available for checking:
'arm', 'bartMachine', 'extraTrees', 'party', 'xgboost'
Flavor: r-release-macos-x86_64