CRAN Package Check Results for Package supervisedPRIM

Last updated on 2019-10-22 17:49:34 CEST.

Flavor Version Tinstall Tcheck Ttotal Status Flags
r-devel-linux-x86_64-debian-clang 2.0.0 3.61 223.24 226.85 OK
r-devel-linux-x86_64-debian-gcc 2.0.0 2.81 139.97 142.78 OK
r-devel-linux-x86_64-fedora-clang 2.0.0 271.30 OK
r-devel-linux-x86_64-fedora-gcc 2.0.0 228.17 OK
r-devel-windows-ix86+x86_64 2.0.0 11.00 251.00 262.00 OK
r-patched-linux-x86_64 2.0.0 3.41 188.40 191.81 OK
r-patched-solaris-x86 2.0.0 383.00 OK
r-release-linux-x86_64 2.0.0 3.38 185.92 189.30 OK
r-release-windows-ix86+x86_64 2.0.0 20.00 187.00 207.00 OK
r-release-osx-x86_64 2.0.0 WARN
r-oldrel-windows-ix86+x86_64 2.0.0 10.00 264.00 274.00 OK
r-oldrel-osx-x86_64 2.0.0 OK

Check Details

Version: 2.0.0
Check: whether package can be installed
Result: WARN
    Found the following significant warnings:
     Warning: 'rgl_init' failed, running with rgl.useNULL = TRUE
Flavor: r-release-osx-x86_64