Last updated on 2024-08-31 23:49:17 CEST.
Flavor | Version | Tinstall | Tcheck | Ttotal | Status | Flags |
---|---|---|---|---|---|---|
r-devel-linux-x86_64-debian-clang | 1.0-5 | 11.41 | 87.99 | 99.40 | NOTE | |
r-devel-linux-x86_64-debian-gcc | 1.0-5 | 7.06 | 60.97 | 68.03 | NOTE | |
r-devel-linux-x86_64-fedora-clang | 1.0-5 | 157.80 | NOTE | |||
r-devel-linux-x86_64-fedora-gcc | 1.0-5 | 152.62 | NOTE | |||
r-devel-windows-x86_64 | 1.0-5 | 11.00 | 90.00 | 101.00 | NOTE | |
r-patched-linux-x86_64 | 1.0-5 | 10.45 | 80.73 | 91.18 | NOTE | |
r-release-linux-x86_64 | 1.0-5 | 10.27 | 80.49 | 90.76 | NOTE | |
r-release-macos-arm64 | 1.0-5 | 41.00 | NOTE | |||
r-release-macos-x86_64 | 1.0-5 | 69.00 | NOTE | |||
r-release-windows-x86_64 | 1.0-5 | 11.00 | 91.00 | 102.00 | NOTE | |
r-oldrel-macos-arm64 | 1.0-5 | 50.00 | NOTE | |||
r-oldrel-macos-x86_64 | 1.0-5 | 78.00 | NOTE | |||
r-oldrel-windows-x86_64 | 1.0-5 | 16.00 | 114.00 | 130.00 | NOTE |
Version: 1.0-5
Check: LazyData
Result: NOTE
'LazyData' is specified without a 'data' directory
Flavors: r-devel-linux-x86_64-debian-clang, r-devel-linux-x86_64-debian-gcc, r-devel-linux-x86_64-fedora-clang, r-devel-linux-x86_64-fedora-gcc, r-devel-windows-x86_64, r-patched-linux-x86_64, r-release-linux-x86_64, r-release-macos-arm64, r-release-macos-x86_64, r-release-windows-x86_64, r-oldrel-macos-arm64, r-oldrel-macos-x86_64, r-oldrel-windows-x86_64