CRAN Package Check Results for Package surv2sampleComp

Last updated on 2021-06-18 05:49:03 CEST.

Flavor Version Tinstall Tcheck Ttotal Status Flags
r-devel-linux-x86_64-debian-clang 1.0-5 10.95 102.11 113.06 NOTE
r-devel-linux-x86_64-debian-gcc 1.0-5 8.48 73.23 81.71 NOTE
r-devel-linux-x86_64-fedora-clang 1.0-5 141.99 NOTE
r-devel-linux-x86_64-fedora-gcc 1.0-5 126.99 NOTE
r-devel-windows-x86_64 1.0-5 17.00 90.00 107.00 NOTE
r-devel-windows-x86_64-gcc10-UCRT 1.0-5 NOTE
r-patched-linux-x86_64 1.0-5 9.69 93.54 103.23 NOTE
r-patched-solaris-x86 1.0-5 186.40 NOTE
r-release-linux-x86_64 1.0-5 9.97 93.96 103.93 NOTE
r-release-macos-arm64 1.0-5 NOTE
r-release-macos-x86_64 1.0-5 NOTE
r-release-windows-ix86+x86_64 1.0-5 24.00 116.00 140.00 NOTE
r-oldrel-macos-x86_64 1.0-5 OK
r-oldrel-windows-ix86+x86_64 1.0-5 17.00 118.00 135.00 OK

Check Details

Version: 1.0-5
Check: LazyData
Result: NOTE
     'LazyData' is specified without a 'data' directory
Flavors: r-devel-linux-x86_64-debian-clang, r-devel-linux-x86_64-debian-gcc, r-devel-linux-x86_64-fedora-clang, r-devel-linux-x86_64-fedora-gcc, r-devel-windows-x86_64, r-devel-windows-x86_64-gcc10-UCRT, r-patched-linux-x86_64, r-patched-solaris-x86, r-release-linux-x86_64, r-release-macos-arm64, r-release-macos-x86_64, r-release-windows-ix86+x86_64