CRAN Package Check Results for Package survHE

Last updated on 2021-06-23 11:53:01 CEST.

Flavor Version Tinstall Tcheck Ttotal Status Flags
r-devel-linux-x86_64-debian-clang 1.1.2 1192.25 233.52 1425.77 NOTE
r-devel-linux-x86_64-debian-gcc 1.1.2 1017.59 219.15 1236.74 NOTE
r-devel-linux-x86_64-fedora-clang 1.1.2 1983.44 NOTE
r-devel-linux-x86_64-fedora-gcc 1.1.2 2170.73 NOTE
r-devel-windows-x86_64 1.1.2 1291.00 319.00 1610.00 NOTE
r-devel-windows-x86_64-gcc10-UCRT 1.1.2 ERROR
r-patched-linux-x86_64 1.1.2 1127.97 277.97 1405.94 NOTE
r-patched-solaris-x86 1.1.2 1712.60 NOTE
r-release-linux-x86_64 1.1.2 1117.01 278.44 1395.45 NOTE
r-release-macos-arm64 1.1.2 NOTE
r-release-macos-x86_64 1.1.2 NOTE
r-release-windows-ix86+x86_64 1.1.2 1949.00 354.00 2303.00 NOTE
r-oldrel-macos-x86_64 1.1.2 NOTE

Check Details

Version: 1.1.2
Check: package dependencies
Result: NOTE
    Package suggested but not available for checking: 'INLA'
Flavors: r-devel-linux-x86_64-debian-clang, r-devel-linux-x86_64-debian-gcc, r-patched-linux-x86_64, r-patched-solaris-x86, r-release-linux-x86_64, r-release-macos-arm64, r-release-macos-x86_64, r-oldrel-macos-x86_64

Version: 1.1.2
Check: for GNU extensions in Makefiles
Result: NOTE
    GNU make is a SystemRequirements.
Flavors: r-devel-linux-x86_64-debian-clang, r-devel-linux-x86_64-debian-gcc, r-devel-linux-x86_64-fedora-clang, r-devel-linux-x86_64-fedora-gcc, r-devel-windows-x86_64, r-patched-linux-x86_64, r-patched-solaris-x86, r-release-linux-x86_64, r-release-macos-arm64, r-release-macos-x86_64, r-release-windows-ix86+x86_64, r-oldrel-macos-x86_64

Version: 1.1.2
Check: installed package size
Result: NOTE
     installed size is 138.1Mb
     sub-directories of 1Mb or more:
     libs 137.2Mb
Flavors: r-devel-linux-x86_64-fedora-clang, r-devel-windows-x86_64, r-patched-solaris-x86, r-release-macos-arm64, r-release-macos-x86_64, r-release-windows-ix86+x86_64, r-oldrel-macos-x86_64

Version: 1.1.2
Check: package dependencies
Result: ERROR
    Package required but not available: 'rstan'
    
    Packages suggested but not available for checking: 'shinystan', 'INLA'
    
    See section 'The DESCRIPTION file' in the 'Writing R Extensions'
    manual.
Flavor: r-devel-windows-x86_64-gcc10-UCRT