CRAN Package Check Results for Package survPen

Last updated on 2022-01-22 11:51:14 CET.

Flavor Version Tinstall Tcheck Ttotal Status Flags
r-devel-linux-x86_64-debian-clang 1.5.2 44.57 214.79 259.36 OK --no-vignettes
r-devel-linux-x86_64-debian-gcc 1.5.2 31.55 508.45 540.00 OK --no-vignettes
r-devel-linux-x86_64-fedora-clang 1.5.2 810.52 NOTE
r-devel-linux-x86_64-fedora-gcc 1.5.2 729.97 OK
r-devel-windows-x86_64-new-UL 1.5.2 63.00 415.00 478.00 OK
r-devel-windows-x86_64-new-TK 1.5.2 OK
r-patched-linux-x86_64 1.5.2 38.95 164.54 203.49 OK --no-vignettes
r-release-linux-x86_64 1.5.2 37.85 165.90 203.75 OK --no-vignettes
r-release-macos-arm64 1.5.2 NOTE
r-release-macos-x86_64 1.5.2 NOTE
r-release-windows-ix86+x86_64 1.5.2 91.00 513.00 604.00 OK
r-oldrel-macos-x86_64 1.5.2 NOTE
r-oldrel-windows-ix86+x86_64 1.5.2 89.00 544.00 633.00 OK

Check Details

Version: 1.5.2
Check: installed package size
Result: NOTE
     installed size is 13.2Mb
     sub-directories of 1Mb or more:
     libs 12.4Mb
Flavors: r-devel-linux-x86_64-fedora-clang, r-release-macos-arm64, r-release-macos-x86_64, r-oldrel-macos-x86_64