CRAN Package Check Results for Package survival

Last updated on 2022-08-20 00:52:14 CEST.

Flavor Version Tinstall Tcheck Ttotal Status Flags
r-devel-linux-x86_64-debian-clang 3.4-0 76.28 619.11 695.39 OK
r-devel-linux-x86_64-debian-gcc 3.4-0 57.19 466.89 524.08 OK
r-devel-linux-x86_64-fedora-clang 3.4-0 851.66 NOTE
r-devel-linux-x86_64-fedora-gcc 3.4-0 876.20 OK
r-devel-windows-x86_64 3.4-0 306.00 666.00 972.00 NOTE
r-patched-linux-x86_64 3.4-0 64.14 595.69 659.83 OK
r-release-linux-x86_64 3.4-0 OK
r-release-macos-arm64 3.4-0 267.00 NOTE
r-release-macos-x86_64 3.4-0 389.00 NOTE
r-release-windows-x86_64 3.4-0 286.00 813.00 1099.00 NOTE
r-oldrel-macos-arm64 3.4-0 250.00 NOTE
r-oldrel-macos-x86_64 3.4-0 386.00 NOTE
r-oldrel-windows-ix86+x86_64 3.4-0 144.00 1026.00 1170.00 NOTE

Check Details

Version: 3.4-0
Check: installed package size
Result: NOTE
     installed size is 7.5Mb
     sub-directories of 1Mb or more:
     R 1.2Mb
     data 1.9Mb
     doc 3.4Mb
Flavors: r-devel-linux-x86_64-fedora-clang, r-devel-windows-x86_64, r-release-macos-arm64, r-release-macos-x86_64, r-release-windows-x86_64, r-oldrel-macos-arm64, r-oldrel-macos-x86_64, r-oldrel-windows-ix86+x86_64