Last updated on 2023-05-27 23:57:32 CEST.
Flavor | Version | Tinstall | Tcheck | Ttotal | Status | Flags |
---|---|---|---|---|---|---|
r-devel-linux-x86_64-debian-clang | 1.3.11 | 158.28 | 233.87 | 392.15 | OK | |
r-devel-linux-x86_64-debian-gcc | 1.3.11 | 124.27 | 169.06 | 293.33 | OK | |
r-devel-linux-x86_64-fedora-clang | 1.3.11 | 572.86 | OK | |||
r-devel-linux-x86_64-fedora-gcc | 1.3.11 | 531.67 | OK | |||
r-devel-windows-x86_64 | 1.3.11 | 124.00 | 214.00 | 338.00 | OK | |
r-patched-linux-x86_64 | 1.3.11 | 139.52 | 217.52 | 357.04 | OK | |
r-release-linux-x86_64 | 1.3.11 | 127.52 | 214.31 | 341.83 | OK | |
r-release-macos-arm64 | 1.3.11 | 149.00 | NOTE | |||
r-release-macos-x86_64 | 1.3.11 | 239.00 | NOTE | |||
r-release-windows-x86_64 | 1.3.11 | 153.00 | 250.00 | 403.00 | OK | |
r-oldrel-macos-arm64 | 1.3.11 | 106.00 | NOTE | |||
r-oldrel-macos-x86_64 | 1.3.11 | 165.00 | NOTE | |||
r-oldrel-windows-x86_64 | 1.3.11 | 154.00 | 243.00 | 397.00 | OK |
Version: 1.3.11
Check: installed package size
Result: NOTE
installed size is 9.0Mb
sub-directories of 1Mb or more:
help 1.0Mb
libs 7.2Mb
Flavors: r-release-macos-arm64, r-release-macos-x86_64, r-oldrel-macos-arm64, r-oldrel-macos-x86_64