Last updated on 2023-12-09 17:54:22 CET.
Flavor | Version | Tinstall | Tcheck | Ttotal | Status | Flags |
---|---|---|---|---|---|---|
r-devel-linux-x86_64-debian-clang | 2.1.2 | 14.15 | 34.14 | 48.29 | NOTE | |
r-devel-linux-x86_64-debian-gcc | 2.1.2 | 9.54 | 26.38 | 35.92 | NOTE | |
r-devel-linux-x86_64-fedora-clang | 2.1.3 | 62.95 | NOTE | |||
r-devel-linux-x86_64-fedora-gcc | 2.1.3 | 73.24 | NOTE | |||
r-devel-windows-x86_64 | 2.1.3 | 14.00 | 74.00 | 88.00 | OK | |
r-patched-linux-x86_64 | 2.1.2 | 12.37 | 33.56 | 45.93 | NOTE | |
r-release-linux-x86_64 | 2.1.2 | 12.14 | 32.36 | 44.50 | NOTE | |
r-release-macos-arm64 | 2.1.3 | 36.00 | NOTE | |||
r-release-macos-x86_64 | 2.1.3 | 77.00 | NOTE | |||
r-release-windows-x86_64 | 2.1.2 | 17.00 | 81.00 | 98.00 | OK | |
r-oldrel-macos-arm64 | 2.1.3 | 34.00 | OK | |||
r-oldrel-macos-x86_64 | 2.1.2 | 38.00 | OK | |||
r-oldrel-windows-x86_64 | 2.1.2 | 15.00 | 74.00 | 89.00 | OK |
Version: 2.1.2
Check: C++ specification
Result: NOTE
Specified C++11: please drop specification unless essential
Flavors: r-devel-linux-x86_64-debian-clang, r-devel-linux-x86_64-debian-gcc, r-patched-linux-x86_64, r-release-linux-x86_64
Version: 2.1.3
Check: C++ specification
Result: NOTE
Specified C++11: please drop specification unless essential
Flavors: r-devel-linux-x86_64-fedora-clang, r-devel-linux-x86_64-fedora-gcc, r-release-macos-arm64, r-release-macos-x86_64