Last updated on 2023-06-07 23:40:49 CEST.
Flavor | Version | Tinstall | Tcheck | Ttotal | Status | Flags |
---|---|---|---|---|---|---|
r-devel-linux-x86_64-debian-clang | 0.8.1 | 4.97 | 55.71 | 60.68 | NOTE | |
r-devel-linux-x86_64-debian-gcc | 0.8.1 | 4.83 | 42.14 | 46.97 | NOTE | |
r-devel-linux-x86_64-fedora-clang | 0.8.1 | 76.52 | NOTE | |||
r-devel-linux-x86_64-fedora-gcc | 0.8.1 | 72.98 | NOTE | |||
r-devel-windows-x86_64 | 0.8.1 | 6.00 | 65.00 | 71.00 | NOTE | |
r-patched-linux-x86_64 | 0.8.1 | 5.09 | 53.22 | 58.31 | NOTE | |
r-release-linux-x86_64 | 0.8.1 | 4.96 | 52.41 | 57.37 | NOTE | |
r-release-macos-arm64 | 0.8.1 | 29.00 | NOTE | |||
r-release-macos-x86_64 | 0.8.1 | 43.00 | NOTE | |||
r-release-windows-x86_64 | 0.8.1 | 8.00 | 72.00 | 80.00 | NOTE | |
r-oldrel-macos-arm64 | 0.8.1 | 28.00 | NOTE | |||
r-oldrel-macos-x86_64 | 0.8.1 | 51.00 | NOTE | |||
r-oldrel-windows-x86_64 | 0.8.1 | 9.00 | 79.00 | 88.00 | NOTE |
Version: 0.8.1
Check: LazyData
Result: NOTE
'LazyData' is specified without a 'data' directory
Flavors: r-devel-linux-x86_64-debian-clang, r-devel-linux-x86_64-debian-gcc, r-devel-linux-x86_64-fedora-clang, r-devel-linux-x86_64-fedora-gcc, r-devel-windows-x86_64, r-patched-linux-x86_64, r-release-linux-x86_64, r-release-macos-arm64, r-release-macos-x86_64, r-release-windows-x86_64, r-oldrel-macos-arm64, r-oldrel-macos-x86_64, r-oldrel-windows-x86_64