CRAN Package Check Results for Package sweater

Last updated on 2024-06-13 05:59:23 CEST.

Flavor Version Tinstall Tcheck Ttotal Status Flags
r-devel-linux-x86_64-debian-clang 0.1.8 23.24 47.73 70.97 OK
r-devel-linux-x86_64-debian-gcc 0.1.8 0.46 1.72 2.18 ERROR
r-devel-linux-x86_64-fedora-clang 0.1.8 94.31 OK
r-devel-linux-x86_64-fedora-gcc 0.1.8 91.37 OK
r-devel-windows-x86_64 0.1.8 20.00 82.00 102.00 OK
r-patched-linux-x86_64 0.1.8 18.70 45.71 64.41 OK
r-release-linux-x86_64 0.1.8 18.16 43.77 61.93 OK
r-release-macos-arm64 0.1.8 30.00 OK
r-release-macos-x86_64 0.1.8 41.00 OK
r-release-windows-x86_64 0.1.8 20.00 85.00 105.00 OK
r-oldrel-macos-arm64 0.1.8 33.00 OK
r-oldrel-macos-x86_64 0.1.8 61.00 OK
r-oldrel-windows-x86_64 0.1.8 23.00 92.00 115.00 OK

Check Details

Version: 0.1.8
Check: package dependencies
Result: ERROR Package required but not available: ‘purrr’ Package suggested but not available for checking: ‘testthat’ See section ‘The DESCRIPTION file’ in the ‘Writing R Extensions’ manual. Flavor: r-devel-linux-x86_64-debian-gcc