Last updated on 2024-04-23 17:49:49 CEST.
Flavor | Version | Tinstall | Tcheck | Ttotal | Status | Flags |
---|---|---|---|---|---|---|
r-devel-linux-x86_64-debian-clang | 0.3.1 | 39.42 | 44.02 | 83.44 | NOTE | |
r-devel-linux-x86_64-debian-gcc | 0.3.1 | 38.61 | 32.91 | 71.52 | NOTE | |
r-devel-linux-x86_64-fedora-clang | 0.3.1 | 114.60 | NOTE | |||
r-devel-linux-x86_64-fedora-gcc | 0.3.1 | 142.36 | NOTE | |||
r-prerel-macos-arm64 | 0.3.1 | 39.00 | NOTE | |||
r-prerel-windows-x86_64 | 0.3.1 | 56.00 | 77.00 | 133.00 | NOTE | |
r-patched-linux-x86_64 | 0.3.1 | 47.65 | 42.42 | 90.07 | NOTE | |
r-release-linux-x86_64 | 0.3.1 | 47.37 | 39.55 | 86.92 | NOTE | |
r-release-macos-arm64 | 0.3.1 | 40.00 | NOTE | |||
r-release-macos-x86_64 | 0.3.1 | 104.00 | NOTE | |||
r-release-windows-x86_64 | 0.3.1 | 50.00 | 89.00 | 139.00 | NOTE | |
r-oldrel-macos-arm64 | 0.3.1 | 44.00 | NOTE | |||
r-oldrel-windows-x86_64 | 0.3.1 | 58.00 | 83.00 | 141.00 | NOTE |
Version: 0.3.1
Check: package dependencies
Result: NOTE
Package suggested but not available for checking: ‘swephRdata’
Flavors: r-devel-linux-x86_64-debian-clang, r-devel-linux-x86_64-debian-gcc, r-devel-linux-x86_64-fedora-clang, r-devel-linux-x86_64-fedora-gcc, r-prerel-macos-arm64, r-prerel-windows-x86_64, r-patched-linux-x86_64, r-release-linux-x86_64, r-release-macos-arm64, r-release-macos-x86_64, r-release-windows-x86_64, r-oldrel-macos-arm64, r-oldrel-windows-x86_64