CRAN Package Check Results for Package swissdd

Last updated on 2019-10-20 23:47:39 CEST.

Flavor Version Tinstall Tcheck Ttotal Status Flags
r-devel-linux-x86_64-debian-clang 1.0.1 3.61 31.48 35.09 OK
r-devel-linux-x86_64-debian-gcc 1.0.1 3.19 25.33 28.52 OK
r-devel-linux-x86_64-fedora-clang 1.0.1 44.05 NOTE
r-devel-linux-x86_64-fedora-gcc 1.0.1 42.66 NOTE
r-devel-windows-ix86+x86_64 1.0.1 11.00 73.00 84.00 OK
r-patched-linux-x86_64 1.0.1 4.01 30.80 34.81 OK
r-patched-solaris-x86 1.0.1 67.50 NOTE
r-release-linux-x86_64 1.0.1 3.15 31.17 34.32 OK
r-release-windows-ix86+x86_64 1.0.1 14.00 68.00 82.00 OK
r-release-osx-x86_64 1.0.1 NOTE
r-oldrel-windows-ix86+x86_64 1.0.1 4.00 45.00 49.00 OK
r-oldrel-osx-x86_64 1.0.1 NOTE

Check Details

Version: 1.0.1
Check: dependencies in R code
Result: NOTE
    Namespaces in Imports field not imported from:
     ‘curl’ ‘magrittr’
     All declared Imports should be used.
Flavors: r-devel-linux-x86_64-fedora-clang, r-devel-linux-x86_64-fedora-gcc, r-patched-solaris-x86, r-release-osx-x86_64, r-oldrel-osx-x86_64