CRAN Package Check Results for Package symSEM

Last updated on 2023-05-30 17:56:50 CEST.

Flavor Version Tinstall Tcheck Ttotal Status Flags
r-devel-linux-x86_64-debian-clang 0.1 10.64 116.63 127.27 NOTE
r-devel-linux-x86_64-debian-gcc 0.1 8.52 90.36 98.88 NOTE
r-devel-linux-x86_64-fedora-clang 0.1 163.70 NOTE
r-devel-linux-x86_64-fedora-gcc 0.1 156.49 NOTE
r-devel-windows-x86_64 0.1 12.00 99.00 111.00 NOTE
r-patched-linux-x86_64 0.1 11.04 112.62 123.66 NOTE
r-release-linux-x86_64 0.1 10.77 115.10 125.87 NOTE
r-release-macos-arm64 0.1 47.00 NOTE
r-release-macos-x86_64 0.1 79.00 NOTE
r-release-windows-x86_64 0.1 14.00 120.00 134.00 NOTE
r-oldrel-macos-arm64 0.1 43.00 NOTE
r-oldrel-macos-x86_64 0.1 63.00 NOTE
r-oldrel-windows-x86_64 0.1 14.00 124.00 138.00 NOTE

Check Details

Version: 0.1
Check: LazyData
Result: NOTE
     'LazyData' is specified without a 'data' directory
Flavors: r-devel-linux-x86_64-debian-clang, r-devel-linux-x86_64-debian-gcc, r-devel-linux-x86_64-fedora-clang, r-devel-linux-x86_64-fedora-gcc, r-devel-windows-x86_64, r-patched-linux-x86_64, r-release-linux-x86_64, r-release-macos-arm64, r-release-macos-x86_64, r-release-windows-x86_64, r-oldrel-macos-arm64, r-oldrel-macos-x86_64, r-oldrel-windows-x86_64