Last updated on 2023-03-30 11:54:42 CEST.
Flavor | Version | Tinstall | Tcheck | Ttotal | Status | Flags |
---|---|---|---|---|---|---|
r-devel-linux-x86_64-debian-clang | 0.2.2 | 459.41 | 138.25 | 597.66 | NOTE | |
r-devel-linux-x86_64-debian-gcc | 0.2.2 | 472.71 | 98.70 | 571.41 | NOTE | |
r-devel-linux-x86_64-fedora-clang | 0.2.2 | 997.26 | NOTE | |||
r-devel-linux-x86_64-fedora-gcc | 0.2.2 | 1002.86 | NOTE | |||
r-patched-linux-x86_64 | 0.2.2 | 523.72 | 124.16 | 647.88 | NOTE | |
r-release-linux-x86_64 | 0.2.2 | 500.83 | 121.65 | 622.48 | OK | |
r-release-macos-arm64 | 0.2.2 | 224.00 | NOTE | |||
r-release-macos-x86_64 | 0.2.2 | 252.00 | NOTE | |||
r-release-windows-x86_64 | 0.2.2 | 1828.00 | 250.00 | 2078.00 | NOTE | |
r-oldrel-macos-arm64 | 0.1.6 | 323.00 | NOTE | |||
r-oldrel-macos-x86_64 | 0.1.6 | 290.00 | NOTE | |||
r-oldrel-windows-ix86+x86_64 | 0.1.6 | 66.00 | 173.00 | 239.00 | NOTE |
Version: 0.2.2
Check: C++ specification
Result: NOTE
Specified C++11: please drop specification unless essential
Flavors: r-devel-linux-x86_64-debian-clang, r-devel-linux-x86_64-debian-gcc, r-devel-linux-x86_64-fedora-clang, r-devel-linux-x86_64-fedora-gcc, r-patched-linux-x86_64
Version: 0.2.2
Check: installed package size
Result: NOTE
installed size is 6.5Mb
sub-directories of 1Mb or more:
libs 5.7Mb
Flavors: r-devel-linux-x86_64-fedora-clang, r-release-macos-arm64, r-release-macos-x86_64, r-release-windows-x86_64
Version: 0.2.2
Check: for GNU extensions in Makefiles
Result: NOTE
GNU make is a SystemRequirements.
Flavors: r-devel-linux-x86_64-fedora-clang, r-devel-linux-x86_64-fedora-gcc, r-release-macos-arm64, r-release-macos-x86_64
Version: 0.1.6
Check: installed package size
Result: NOTE
installed size is 50.3Mb
sub-directories of 1Mb or more:
libs 49.4Mb
Flavors: r-oldrel-macos-arm64, r-oldrel-macos-x86_64, r-oldrel-windows-ix86+x86_64
Version: 0.1.6
Check: for GNU extensions in Makefiles
Result: NOTE
GNU make is a SystemRequirements.
Flavors: r-oldrel-macos-arm64, r-oldrel-macos-x86_64