Last updated on 2024-04-23 11:56:00 CEST.
Flavor | Version | Tinstall | Tcheck | Ttotal | Status | Flags |
---|---|---|---|---|---|---|
r-devel-linux-x86_64-debian-clang | 0.1.6 | 52.69 | 130.87 | 183.56 | NOTE | |
r-devel-linux-x86_64-debian-gcc | 0.1.6 | 44.55 | 97.89 | 142.44 | NOTE | |
r-devel-linux-x86_64-fedora-clang | 0.1.6 | 254.98 | NOTE | |||
r-devel-linux-x86_64-fedora-gcc | 0.1.6 | 258.19 | NOTE | |||
r-prerel-macos-arm64 | 0.1.6 | 94.00 | NOTE | |||
r-prerel-windows-x86_64 | 0.1.6 | 48.00 | 212.00 | 260.00 | NOTE | |
r-patched-linux-x86_64 | 0.1.6 | 53.00 | 123.58 | 176.58 | NOTE | |
r-release-linux-x86_64 | 0.1.6 | 51.47 | 131.15 | 182.62 | OK | |
r-release-macos-arm64 | 0.1.6 | 102.00 | OK | |||
r-release-macos-x86_64 | 0.1.6 | 178.00 | OK | |||
r-release-windows-x86_64 | 0.1.6 | 62.00 | 249.00 | 311.00 | OK | |
r-oldrel-macos-arm64 | 0.1.6 | 94.00 | OK | |||
r-oldrel-windows-x86_64 | 0.1.6 | 59.00 | 239.00 | 298.00 | OK |
Version: 0.1.6
Check: Rd files
Result: NOTE
checkRd: (-1) robCov.Rd:19-20: Lost braces in \itemize; \value handles \item{}{} directly
checkRd: (-1) robCov.Rd:21: Lost braces in \itemize; \value handles \item{}{} directly
checkRd: (-1) robCov.Rd:22: Lost braces in \itemize; \value handles \item{}{} directly
checkRd: (-1) robCov.Rd:23: Lost braces in \itemize; \value handles \item{}{} directly
checkRd: (-1) slice.Rd:28: Lost braces
28 | before plotting {ex: \code{trans = c(s = "exp", d = "exp")}}/}
| ^
Flavors: r-devel-linux-x86_64-debian-clang, r-devel-linux-x86_64-debian-gcc, r-devel-linux-x86_64-fedora-clang, r-devel-linux-x86_64-fedora-gcc, r-prerel-macos-arm64, r-prerel-windows-x86_64, r-patched-linux-x86_64