Last updated on 2024-08-31 23:49:17 CEST.
Flavor | Version | Tinstall | Tcheck | Ttotal | Status | Flags |
---|---|---|---|---|---|---|
r-devel-linux-x86_64-debian-clang | 1.8-0 | 20.16 | 197.10 | 217.26 | NOTE | |
r-devel-linux-x86_64-debian-gcc | 1.8-0 | 15.03 | 135.97 | 151.00 | NOTE | |
r-devel-linux-x86_64-fedora-clang | 1.8-0 | 351.16 | OK | |||
r-devel-linux-x86_64-fedora-gcc | 1.8-0 | 351.98 | OK | |||
r-devel-windows-x86_64 | 1.8-0 | 20.00 | 260.00 | 280.00 | NOTE | |
r-patched-linux-x86_64 | 1.8-0 | 22.79 | 186.58 | 209.37 | OK | |
r-release-linux-x86_64 | 1.8-0 | 17.23 | 187.45 | 204.68 | OK | |
r-release-macos-arm64 | 1.8-0 | 100.00 | OK | |||
r-release-macos-x86_64 | 1.8-0 | 168.00 | OK | |||
r-release-windows-x86_64 | 1.8-0 | 21.00 | 262.00 | 283.00 | OK | |
r-oldrel-macos-arm64 | 1.8-0 | 132.00 | OK | |||
r-oldrel-macos-x86_64 | 1.8-0 | 190.00 | OK | |||
r-oldrel-windows-x86_64 | 1.8-0 | 28.00 | 292.00 | 320.00 | OK |
Version: 1.8-0
Check: Rd cross-references
Result: NOTE
Found the following Rd file(s) with Rd \link{} targets missing package
anchors:
compare.fit.synds.Rd: ggplot
multi.compare.Rd: ggplot
syn.bag.Rd: randomForest
syn.cart.Rd: ctree, rpart
syn.ipf.Rd: Ipfp
syn.ranger.Rd: ranger
syn.rf.Rd: randomForest
syn.smooth.Rd: runningmean
utility.gen.Rd: rpart, ctree
write.syn.Rd: write.dta
Please provide package anchors for all Rd \link{} targets not in the
package itself and the base packages.
Flavors: r-devel-linux-x86_64-debian-clang, r-devel-linux-x86_64-debian-gcc, r-devel-windows-x86_64