CRAN Package Check Results for Package sysid

Last updated on 2020-10-20 11:48:45 CEST.

Flavor Version Tinstall Tcheck Ttotal Status Flags
r-devel-linux-x86_64-debian-clang 1.0.4 7.30 66.12 73.42 NOTE
r-devel-linux-x86_64-debian-gcc 1.0.4 5.97 49.58 55.55 NOTE
r-devel-linux-x86_64-fedora-clang 1.0.4 94.79 NOTE
r-devel-linux-x86_64-fedora-gcc 1.0.4 86.05 NOTE
r-devel-windows-ix86+x86_64 1.0.4 12.00 67.00 79.00 OK
r-patched-linux-x86_64 1.0.4 7.27 60.72 67.99 NOTE
r-patched-solaris-x86 1.0.4 128.90 NOTE
r-release-linux-x86_64 1.0.4 8.73 60.63 69.36 NOTE
r-release-macos-x86_64 1.0.4 OK
r-release-windows-ix86+x86_64 1.0.4 21.00 71.00 92.00 OK
r-oldrel-macos-x86_64 1.0.4 OK
r-oldrel-windows-ix86+x86_64 1.0.4 12.00 87.00 99.00 OK

Check Details

Version: 1.0.4
Check: for non-standard things in the check directory
Result: NOTE
    Found the following files/directories:
     'test.csv'
Flavors: r-devel-linux-x86_64-debian-clang, r-devel-linux-x86_64-debian-gcc, r-devel-linux-x86_64-fedora-clang, r-devel-linux-x86_64-fedora-gcc, r-patched-linux-x86_64, r-patched-solaris-x86, r-release-linux-x86_64