CRAN Package Check Results for Package systemfit

Last updated on 2024-07-16 11:52:29 CEST.

Flavor Version Tinstall Tcheck Ttotal Status Flags
r-devel-linux-x86_64-debian-clang 1.1-30 11.13 210.23 221.36 OK
r-devel-linux-x86_64-debian-gcc 1.1-30 9.42 151.19 160.61 OK
r-devel-linux-x86_64-fedora-clang 1.1-30 277.06 OK
r-devel-linux-x86_64-fedora-gcc 1.1-30 264.54 OK
r-devel-windows-x86_64 1.1-30 12.00 191.00 203.00 OK
r-patched-linux-x86_64 1.1-30 13.86 196.25 210.11 OK
r-release-linux-x86_64 1.1-30 13.91 192.22 206.13 OK
r-release-macos-arm64 1.1-30 84.00 OK
r-release-macos-x86_64 1.1-30 122.00 WARN
r-release-windows-x86_64 1.1-30 11.00 193.00 204.00 OK
r-oldrel-macos-arm64 1.1-30 90.00 OK
r-oldrel-macos-x86_64 1.1-30 145.00 OK
r-oldrel-windows-x86_64 1.1-30 15.00 230.00 245.00 OK

Check Details

Version: 1.1-30
Check: re-building of vignette outputs
Result: WARN Error(s) in re-building vignettes: ... --- re-building ‘systemfit.Rnw’ using knitr Error: processing vignette 'systemfit.Rnw' failed with diagnostics: Running 'texi2dvi' on 'systemfit.tex' failed. LaTeX errors: ! Undefined control sequence. l.1496 \hldef {sigmaInv} \hlkwb{<-} \hlkwd{solve}\hldef{( residCov )} ? ! Emergency stop. ! Emergency stop. l.1496 End of file on the terminal! ! ==> Fatal error occurred, no output PDF file produced! --- failed re-building ‘systemfit.Rnw’ SUMMARY: processing the following file failed: ‘systemfit.Rnw’ Error: Vignette re-building failed. Execution halted Flavor: r-release-macos-x86_64