Last updated on 2022-07-03 05:50:03 CEST.
Flavor | Version | Tinstall | Tcheck | Ttotal | Status | Flags |
---|---|---|---|---|---|---|
r-devel-linux-x86_64-debian-clang | 1.0.4 | 43.52 | 30.66 | 74.18 | OK | |
r-devel-linux-x86_64-debian-gcc | 1.0.4 | 36.93 | 23.69 | 60.62 | OK | |
r-devel-linux-x86_64-fedora-clang | 1.0.4 | 124.73 | OK | |||
r-devel-linux-x86_64-fedora-gcc | 1.0.4 | 113.81 | OK | |||
r-devel-windows-x86_64 | 1.0.4 | 136.00 | 87.00 | 223.00 | OK | |
r-patched-linux-x86_64 | 1.0.4 | 42.93 | 29.67 | 72.60 | OK | |
r-release-linux-x86_64 | 1.0.4 | 40.22 | 30.16 | 70.38 | OK | |
r-release-macos-arm64 | 1.0.4 | 36.00 | NOTE | |||
r-release-macos-x86_64 | 1.0.4 | 50.00 | NOTE | |||
r-release-windows-x86_64 | 1.0.4 | 163.00 | 88.00 | 251.00 | OK | |
r-oldrel-macos-arm64 | 1.0.4 | 48.00 | NOTE | |||
r-oldrel-macos-x86_64 | 1.0.4 | 93.00 | NOTE | |||
r-oldrel-windows-ix86+x86_64 | 1.0.4 | 142.00 | 76.00 | 218.00 | OK |
Version: 1.0.4
Check: installed package size
Result: NOTE
installed size is 19.2Mb
sub-directories of 1Mb or more:
libs 19.0Mb
Flavors: r-release-macos-arm64, r-release-macos-x86_64, r-oldrel-macos-arm64, r-oldrel-macos-x86_64