CRAN Package Check Results for Package taber

Last updated on 2024-05-26 06:02:12 CEST.

Flavor Version Tinstall Tcheck Ttotal Status Flags
r-devel-linux-x86_64-debian-clang 0.1.2 4.75 39.26 44.01 NOTE
r-devel-linux-x86_64-debian-gcc 0.1.2 3.57 30.12 33.69 NOTE
r-devel-linux-x86_64-fedora-clang 0.1.2 55.12 NOTE
r-devel-linux-x86_64-fedora-gcc 0.1.2 51.62 NOTE
r-devel-windows-x86_64 0.1.2 5.00 51.00 56.00 NOTE
r-patched-linux-x86_64 0.1.2 3.88 37.43 41.31 NOTE
r-release-linux-x86_64 0.1.2 4.77 38.08 42.85 NOTE
r-release-macos-arm64 0.1.2 20.00 NOTE
r-release-windows-x86_64 0.1.2 5.00 50.00 55.00 NOTE
r-oldrel-macos-arm64 0.1.2 22.00 NOTE
r-oldrel-macos-x86_64 0.1.2 30.00 NOTE
r-oldrel-windows-x86_64 0.1.2 6.00 52.00 58.00 NOTE

Check Details

Version: 0.1.2
Check: LazyData
Result: NOTE 'LazyData' is specified without a 'data' directory Flavors: r-devel-linux-x86_64-debian-clang, r-devel-linux-x86_64-debian-gcc, r-devel-linux-x86_64-fedora-clang, r-devel-linux-x86_64-fedora-gcc, r-devel-windows-x86_64, r-patched-linux-x86_64, r-release-linux-x86_64, r-release-macos-arm64, r-release-windows-x86_64, r-oldrel-macos-arm64, r-oldrel-macos-x86_64, r-oldrel-windows-x86_64