CRAN Package Check Results for Package tadaatoolbox

Last updated on 2019-10-18 23:49:55 CEST.

Flavor Version Tinstall Tcheck Ttotal Status Flags
r-devel-linux-x86_64-debian-clang 0.16.1 11.64 129.69 141.33 OK
r-devel-linux-x86_64-debian-gcc 0.16.1 9.08 100.24 109.32 OK
r-devel-linux-x86_64-fedora-clang 0.16.1 178.71 NOTE
r-devel-linux-x86_64-fedora-gcc 0.16.1 166.40 NOTE
r-devel-windows-ix86+x86_64 0.16.1 50.00 151.00 201.00 OK
r-patched-linux-x86_64 0.16.1 11.13 124.30 135.43 OK
r-patched-solaris-x86 0.16.1 212.20 NOTE
r-release-linux-x86_64 0.16.1 10.12 126.22 136.34 OK
r-release-windows-ix86+x86_64 0.16.1 28.00 218.00 246.00 OK
r-release-osx-x86_64 0.16.1 NOTE
r-oldrel-windows-ix86+x86_64 0.16.1 16.00 127.00 143.00 OK
r-oldrel-osx-x86_64 0.16.1 NOTE

Check Details

Version: 0.16.1
Check: data for non-ASCII characters
Result: NOTE
     Note: found 3 marked UTF-8 strings
Flavors: r-devel-linux-x86_64-fedora-clang, r-devel-linux-x86_64-fedora-gcc, r-patched-solaris-x86, r-release-osx-x86_64, r-oldrel-osx-x86_64