CRAN Package Check Results for Package tailr

Last updated on 2019-10-18 05:47:10 CEST.

Flavor Version Tinstall Tcheck Ttotal Status Flags
r-devel-linux-x86_64-debian-clang 0.1.3 1.95 18.96 20.91 NOTE
r-devel-linux-x86_64-debian-gcc 0.1.3 1.48 15.15 16.63 NOTE
r-devel-linux-x86_64-fedora-clang 0.1.3 28.50 NOTE
r-devel-linux-x86_64-fedora-gcc 0.1.3 25.17 NOTE
r-devel-windows-ix86+x86_64 0.1.3 7.00 32.00 39.00 OK
r-patched-linux-x86_64 0.1.3 1.69 18.32 20.01 NOTE
r-patched-solaris-x86 0.1.3 40.70 NOTE
r-release-linux-x86_64 0.1.3 1.55 18.69 20.24 NOTE
r-release-windows-ix86+x86_64 0.1.3 4.00 45.00 49.00 OK
r-release-osx-x86_64 0.1.3 NOTE
r-oldrel-windows-ix86+x86_64 0.1.3 2.00 29.00 31.00 OK
r-oldrel-osx-x86_64 0.1.3 OK

Check Details

Version: 0.1.3
Check: package dependencies
Result: NOTE
    Package suggested but not available for checking: 'pmatch'
Flavors: r-devel-linux-x86_64-debian-clang, r-devel-linux-x86_64-debian-gcc, r-devel-linux-x86_64-fedora-clang, r-devel-linux-x86_64-fedora-gcc, r-patched-linux-x86_64, r-patched-solaris-x86, r-release-linux-x86_64, r-release-osx-x86_64