Last updated on 2024-04-24 06:19:31 CEST.
Flavor | Version | Tinstall | Tcheck | Ttotal | Status | Flags |
---|---|---|---|---|---|---|
r-devel-linux-x86_64-debian-clang | 0.5 | 267.29 | 206.51 | 473.80 | OK | |
r-devel-linux-x86_64-debian-gcc | 0.5 | 212.67 | 167.74 | 380.41 | OK | |
r-devel-linux-x86_64-fedora-clang | 0.5 | 708.71 | OK | |||
r-devel-linux-x86_64-fedora-gcc | 0.5 | 714.60 | OK | |||
r-prerel-macos-arm64 | 0.5 | 133.00 | NOTE | |||
r-prerel-macos-x86_64 | 0.5 | 252.00 | NOTE | |||
r-prerel-windows-x86_64 | 0.5 | 212.00 | 188.00 | 400.00 | OK | |
r-patched-linux-x86_64 | 0.5 | 236.27 | 220.33 | 456.60 | OK | |
r-release-linux-x86_64 | 0.5 | 194.23 | 211.94 | 406.17 | OK | |
r-release-macos-arm64 | 0.5 | 137.00 | NOTE | |||
r-release-macos-x86_64 | 0.5 | 265.00 | NOTE | |||
r-release-windows-x86_64 | 0.5 | 256.00 | 237.00 | 493.00 | OK | |
r-oldrel-macos-arm64 | 0.5 | 128.00 | NOTE | |||
r-oldrel-windows-x86_64 | 0.5 | 248.00 | 227.00 | 475.00 | OK |
Version: 0.5
Check: installed package size
Result: NOTE
installed size is 15.0Mb
sub-directories of 1Mb or more:
doc 1.1Mb
libs 13.3Mb
Flavors: r-prerel-macos-arm64, r-prerel-macos-x86_64, r-release-macos-arm64, r-release-macos-x86_64, r-oldrel-macos-arm64