CRAN Package Check Results for Package taxlist

Last updated on 2021-05-11 23:51:00 CEST.

Flavor Version Tinstall Tcheck Ttotal Status Flags
r-devel-linux-x86_64-debian-clang 0.2.1 10.02 88.16 98.18 OK
r-devel-linux-x86_64-debian-gcc 0.2.1 7.77 64.68 72.45 OK
r-devel-linux-x86_64-fedora-clang 0.2.1 131.39 NOTE
r-devel-linux-x86_64-fedora-gcc 0.2.1 116.19 NOTE
r-devel-windows-ix86+x86_64 0.2.1 25.00 116.00 141.00 OK
r-devel-windows-x86_64-gcc10-UCRT 0.2.1 NOTE
r-patched-linux-x86_64 0.2.1 14.90 84.53 99.43 OK
r-patched-solaris-x86 0.2.1 162.80 NOTE
r-release-linux-x86_64 0.2.1 10.69 81.34 92.03 OK
r-release-macos-x86_64 0.2.1 NOTE
r-release-windows-ix86+x86_64 0.2.1 18.00 91.00 109.00 OK
r-oldrel-macos-x86_64 0.2.1 NOTE
r-oldrel-windows-ix86+x86_64 0.2.1 19.00 110.00 129.00 OK

Check Details

Version: 0.2.1
Check: data for non-ASCII characters
Result: NOTE
     Note: found 137 marked UTF-8 strings
Flavors: r-devel-linux-x86_64-fedora-clang, r-devel-linux-x86_64-fedora-gcc, r-devel-windows-x86_64-gcc10-UCRT, r-patched-solaris-x86, r-release-macos-x86_64, r-oldrel-macos-x86_64