CRAN Package Check Results for Package taylor

Last updated on 2023-03-30 13:51:56 CEST.

Flavor Version Tinstall Tcheck Ttotal Status Flags
r-devel-linux-x86_64-debian-clang 2.0.1 8.27 65.86 74.13 OK
r-devel-linux-x86_64-debian-gcc 2.0.1 5.86 49.84 55.70 OK
r-devel-linux-x86_64-fedora-clang 2.0.1 89.83 NOTE
r-devel-linux-x86_64-fedora-gcc 2.0.1 84.21 NOTE
r-patched-linux-x86_64 2.0.1 7.17 61.25 68.42 OK
r-release-linux-x86_64 2.0.1 7.47 65.87 73.34 OK
r-release-macos-arm64 2.0.1 29.00 OK
r-release-macos-x86_64 2.0.1 44.00 OK
r-release-windows-x86_64 2.0.1 137.00 113.00 250.00 OK
r-oldrel-macos-arm64 2.0.1 30.00 OK
r-oldrel-macos-x86_64 2.0.1 46.00 OK
r-oldrel-windows-ix86+x86_64 2.0.1 15.00 96.00 111.00 OK

Check Details

Version: 2.0.1
Check: data for non-ASCII characters
Result: NOTE
     Note: found 30 marked UTF-8 strings
Flavors: r-devel-linux-x86_64-fedora-clang, r-devel-linux-x86_64-fedora-gcc