CRAN Package Check Results for Package tbart

Last updated on 2021-07-27 11:51:22 CEST.

Flavor Version Tinstall Tcheck Ttotal Status Flags
r-devel-linux-x86_64-debian-clang 1.0 22.28 41.44 63.72 OK
r-devel-linux-x86_64-debian-gcc 1.0 15.79 32.14 47.93 OK
r-devel-linux-x86_64-fedora-clang 1.0 91.43 NOTE
r-devel-linux-x86_64-fedora-gcc 1.0 76.21 NOTE
r-devel-windows-x86_64 1.0 29.00 70.00 99.00 OK
r-devel-windows-x86_64-gcc10-UCRT 1.0 OK
r-patched-linux-x86_64 1.0 18.76 39.01 57.77 OK
r-patched-solaris-x86 1.0 107.00 OK
r-release-linux-x86_64 1.0 16.92 39.03 55.95 OK
r-release-macos-arm64 1.0 OK
r-release-macos-x86_64 1.0 OK
r-release-windows-ix86+x86_64 1.0 54.00 76.00 130.00 OK
r-oldrel-macos-x86_64 1.0 OK
r-oldrel-windows-ix86+x86_64 1.0 40.00 102.00 142.00 OK

Check Details

Version: 1.0
Check: compiled code
Result: NOTE
    File ‘tbart/libs/tbart.so’:
     Found no calls to: ‘R_registerRoutines’, ‘R_useDynamicSymbols’
    
    It is good practice to register native routines and to disable symbol
    search.
    
    See ‘Writing portable packages’ in the ‘Writing R Extensions’ manual.
Flavors: r-devel-linux-x86_64-fedora-clang, r-devel-linux-x86_64-fedora-gcc