Last updated on 2023-03-27 23:55:56 CEST.
Flavor | Version | Tinstall | Tcheck | Ttotal | Status | Flags |
---|---|---|---|---|---|---|
r-devel-linux-x86_64-debian-clang | 0.1.0 | 7.34 | 77.14 | 84.48 | NOTE | |
r-devel-linux-x86_64-debian-gcc | 0.1.0 | 6.85 | 56.67 | 63.52 | NOTE | |
r-devel-linux-x86_64-fedora-clang | 0.1.0 | 105.66 | NOTE | |||
r-devel-linux-x86_64-fedora-gcc | 0.1.0 | 97.51 | NOTE | |||
r-patched-linux-x86_64 | 0.1.0 | 7.06 | 70.23 | 77.29 | NOTE | |
r-release-linux-x86_64 | 0.1.0 | 9.18 | 69.26 | 78.44 | NOTE | |
r-release-macos-arm64 | 0.1.0 | 32.00 | NOTE | |||
r-release-macos-x86_64 | 0.1.0 | 41.00 | NOTE | |||
r-release-windows-x86_64 | 0.1.0 | 14.00 | 97.00 | 111.00 | NOTE | |
r-oldrel-macos-arm64 | 0.1.0 | 33.00 | NOTE | |||
r-oldrel-macos-x86_64 | 0.1.0 | 51.00 | NOTE | |||
r-oldrel-windows-ix86+x86_64 | 0.1.0 | 18.00 | 91.00 | 109.00 | NOTE |
Version: 0.1.0
Check: LazyData
Result: NOTE
'LazyData' is specified without a 'data' directory
Flavors: r-devel-linux-x86_64-debian-clang, r-devel-linux-x86_64-debian-gcc, r-devel-linux-x86_64-fedora-clang, r-devel-linux-x86_64-fedora-gcc, r-patched-linux-x86_64, r-release-linux-x86_64, r-release-macos-arm64, r-release-macos-x86_64, r-release-windows-x86_64, r-oldrel-macos-arm64, r-oldrel-macos-x86_64, r-oldrel-windows-ix86+x86_64