CRAN Package Check Results for Package teachingApps

Last updated on 2019-03-22 11:53:20 CET.

Flavor Version Tinstall Tcheck Ttotal Status Flags
r-devel-linux-x86_64-debian-clang 1.0.4 61.43 94.45 155.88 WARN
r-devel-linux-x86_64-debian-gcc 1.0.4 55.56 73.05 128.61 OK
r-devel-linux-x86_64-fedora-clang 1.0.4 216.43 NOTE
r-devel-linux-x86_64-fedora-gcc 1.0.4 215.42 OK
r-devel-windows-ix86+x86_64 1.0.4 223.00 223.00 446.00 OK
r-patched-linux-x86_64 1.0.4 64.76 90.22 154.98 OK
r-patched-solaris-x86 1.0.4 229.80 OK
r-release-linux-x86_64 1.0.4 66.87 89.80 156.67 OK
r-release-windows-ix86+x86_64 1.0.4 155.00 142.00 297.00 OK
r-release-osx-x86_64 1.0.4 NOTE
r-oldrel-windows-ix86+x86_64 1.0.4 217.00 271.00 488.00 OK
r-oldrel-osx-x86_64 1.0.4 NOTE

Check Details

Version: 1.0.4
Check: whether package can be installed
Result: WARN
    Found the following significant warnings:
     Warning: unable to re-encode 'RcppExports.R' lines 34, 101
Flavor: r-devel-linux-x86_64-debian-clang

Version: 1.0.4
Check: installed package size
Result: NOTE
     installed size is 12.3Mb
     sub-directories of 1Mb or more:
     apps 2.8Mb
     libs 8.6Mb
Flavors: r-devel-linux-x86_64-fedora-clang, r-release-osx-x86_64, r-oldrel-osx-x86_64