CRAN Package Check Results for Package teachingApps

Last updated on 2019-05-19 22:51:57 CEST.

Flavor Version Tinstall Tcheck Ttotal Status Flags
r-devel-linux-x86_64-debian-clang 1.0.4 63.14 96.07 159.21 OK
r-devel-linux-x86_64-debian-gcc 1.0.4 55.56 74.25 129.81 OK
r-devel-linux-x86_64-fedora-clang 1.0.4 227.72 NOTE
r-devel-linux-x86_64-fedora-gcc 1.0.4 143.74 OK
r-devel-windows-ix86+x86_64 1.0.4 209.00 227.00 436.00 OK
r-patched-linux-x86_64 1.0.4 67.58 94.05 161.63 OK
r-patched-solaris-x86 1.0.4 262.70 OK
r-release-linux-x86_64 1.0.4 66.60 93.78 160.38 OK
r-release-windows-ix86+x86_64 1.0.4 214.00 253.00 467.00 OK
r-release-osx-x86_64 1.0.4 NOTE
r-oldrel-windows-ix86+x86_64 1.0.4 204.00 225.00 429.00 OK
r-oldrel-osx-x86_64 1.0.4 NOTE

Check Details

Version: 1.0.4
Check: installed package size
Result: NOTE
     installed size is 11.4Mb
     sub-directories of 1Mb or more:
     apps 2.8Mb
     libs 7.7Mb
Flavors: r-devel-linux-x86_64-fedora-clang, r-release-osx-x86_64, r-oldrel-osx-x86_64