Last updated on 2022-06-30 17:49:58 CEST.
Flavor | Version | Tinstall | Tcheck | Ttotal | Status | Flags |
---|---|---|---|---|---|---|
r-devel-linux-x86_64-debian-clang | 0.0.4 | 5.78 | 71.87 | 77.65 | OK | |
r-devel-linux-x86_64-debian-gcc | 0.0.4 | 4.80 | 52.29 | 57.09 | OK | |
r-devel-linux-x86_64-fedora-clang | 0.0.4 | 99.08 | NOTE | |||
r-devel-linux-x86_64-fedora-gcc | 0.0.4 | 98.89 | OK | |||
r-devel-windows-x86_64 | 0.0.4 | 26.00 | 90.00 | 116.00 | OK | |
r-patched-linux-x86_64 | 0.0.4 | 5.25 | 66.61 | 71.86 | OK | |
r-release-linux-x86_64 | 0.0.4 | 4.71 | 66.43 | 71.14 | OK | |
r-release-macos-arm64 | 0.0.4 | 27.00 | OK | |||
r-release-macos-x86_64 | 0.0.4 | 49.00 | OK | |||
r-release-windows-x86_64 | 0.0.4 | 29.00 | 93.00 | 122.00 | OK | |
r-oldrel-macos-arm64 | 0.0.4 | 30.00 | OK | |||
r-oldrel-macos-x86_64 | 0.0.4 | 45.00 | OK | |||
r-oldrel-windows-ix86+x86_64 | 0.0.4 | 16.00 | 87.00 | 103.00 | OK |
Version: 0.0.4
Check: Rd cross-references
Result: NOTE
Undeclared package ‘scales’ in Rd xrefs
Flavor: r-devel-linux-x86_64-fedora-clang