CRAN Package Check Results for Package teamr

Last updated on 2024-05-24 07:00:57 CEST.

Flavor Version Tinstall Tcheck Ttotal Status Flags
r-devel-linux-x86_64-debian-clang 0.0.1 4.37 21.12 25.49 NOTE
r-devel-linux-x86_64-debian-gcc 0.0.1 3.58 16.22 19.80 NOTE
r-devel-linux-x86_64-fedora-clang 0.0.1 32.50 NOTE
r-devel-linux-x86_64-fedora-gcc 0.0.1 30.17 NOTE
r-devel-windows-x86_64 0.0.1 4.00 38.00 42.00 NOTE
r-patched-linux-x86_64 0.0.1 6.90 19.59 26.49 NOTE
r-release-linux-x86_64 0.0.1 3.64 19.69 23.33 NOTE
r-release-macos-arm64 0.0.1 15.00 NOTE
r-release-windows-x86_64 0.0.1 5.00 78.00 83.00 NOTE
r-oldrel-macos-arm64 0.0.1 15.00 NOTE
r-oldrel-macos-x86_64 0.0.1 18.00 NOTE
r-oldrel-windows-x86_64 0.0.1 5.00 39.00 44.00 NOTE

Check Details

Version: 0.0.1
Check: LazyData
Result: NOTE 'LazyData' is specified without a 'data' directory Flavors: r-devel-linux-x86_64-debian-clang, r-devel-linux-x86_64-debian-gcc, r-devel-linux-x86_64-fedora-clang, r-devel-linux-x86_64-fedora-gcc, r-devel-windows-x86_64, r-patched-linux-x86_64, r-release-linux-x86_64, r-release-macos-arm64, r-release-windows-x86_64, r-oldrel-macos-arm64, r-oldrel-macos-x86_64, r-oldrel-windows-x86_64

Version: 0.0.1
Check: dependencies in R code
Result: NOTE Namespaces in Imports field not imported from: ‘httr’ ‘jsonlite’ All declared Imports should be used. Flavors: r-devel-linux-x86_64-fedora-clang, r-devel-linux-x86_64-fedora-gcc