CRAN Package Check Results for Package telemac

Last updated on 2022-12-03 23:56:28 CET.

Flavor Version Tinstall Tcheck Ttotal Status Flags
r-devel-linux-x86_64-debian-clang 0.1.1 44.48 148.47 192.95 OK
r-devel-linux-x86_64-debian-gcc 0.1.1 35.32 110.03 145.35 OK
r-devel-linux-x86_64-fedora-clang 0.1.1 267.21 NOTE
r-devel-linux-x86_64-fedora-gcc 0.1.1 260.81 OK
r-devel-windows-x86_64 0.1.1 57.00 202.00 259.00 NOTE
r-patched-linux-x86_64 0.1.1 43.71 136.01 179.72 OK
r-release-linux-x86_64 0.1.1 31.70 122.59 154.29 OK
r-release-macos-arm64 0.1.1 57.00 NOTE
r-release-macos-x86_64 0.1.1 95.00 NOTE
r-release-windows-x86_64 0.1.1 246.00 198.00 444.00 NOTE
r-oldrel-macos-arm64 0.1.1 53.00 NOTE
r-oldrel-macos-x86_64 0.1.1 78.00 NOTE
r-oldrel-windows-ix86+x86_64 0.1.1 116.00 245.00 361.00 NOTE

Additional issues

noSuggests

Check Details

Version: 0.1.1
Check: installed package size
Result: NOTE
     installed size is 5.5Mb
     sub-directories of 1Mb or more:
     doc 3.7Mb
     telemac 1.0Mb
Flavors: r-devel-linux-x86_64-fedora-clang, r-devel-windows-x86_64, r-release-macos-arm64, r-release-macos-x86_64, r-release-windows-x86_64, r-oldrel-macos-arm64, r-oldrel-macos-x86_64, r-oldrel-windows-ix86+x86_64

Version: 0.1.1
Check: Rd cross-references
Result: NOTE
    Undeclared package ‘tibble’ in Rd xrefs
Flavor: r-devel-linux-x86_64-fedora-clang