CRAN Package Check Results for Package testthat

Last updated on 2019-09-16 23:50:21 CEST.

Flavor Version Tinstall Tcheck Ttotal Status Flags
r-devel-linux-x86_64-debian-clang 2.2.1 38.72 125.31 164.03 OK
r-devel-linux-x86_64-debian-gcc 2.2.1 OK
r-devel-linux-x86_64-fedora-clang 2.2.1 160.22 NOTE
r-devel-linux-x86_64-fedora-gcc 2.2.1 167.56 OK
r-devel-windows-ix86+x86_64 2.2.1 91.00 109.00 200.00 OK
r-patched-linux-x86_64 2.2.1 35.69 120.63 156.32 OK
r-patched-solaris-x86 2.2.1 106.30 OK
r-release-linux-x86_64 2.2.1 34.70 122.17 156.87 OK
r-release-windows-ix86+x86_64 2.2.1 62.00 98.00 160.00 OK
r-release-osx-x86_64 2.2.1 NOTE
r-oldrel-windows-ix86+x86_64 2.2.1 76.00 100.00 176.00 OK
r-oldrel-osx-x86_64 2.2.1 NOTE

Check Details

Version: 2.2.1
Check: installed package size
Result: NOTE
     installed size is 6.4Mb
     sub-directories of 1Mb or more:
     libs 4.9Mb
Flavors: r-devel-linux-x86_64-fedora-clang, r-release-osx-x86_64, r-oldrel-osx-x86_64