Last updated on 2024-04-23 11:56:00 CEST.
Flavor | Version | Tinstall | Tcheck | Ttotal | Status | Flags |
---|---|---|---|---|---|---|
r-devel-linux-x86_64-debian-clang | 3.2.1.1 | 53.22 | 256.82 | 310.04 | OK | |
r-devel-linux-x86_64-debian-gcc | 3.2.1.1 | 44.67 | 187.88 | 232.55 | OK | |
r-devel-linux-x86_64-fedora-clang | 3.2.1.1 | 388.87 | OK | |||
r-devel-linux-x86_64-fedora-gcc | 3.2.1.1 | 477.93 | OK | |||
r-prerel-macos-arm64 | 3.2.1.1 | 128.00 | NOTE | |||
r-prerel-macos-x86_64 | 3.2.1.1 | 338.00 | NOTE | |||
r-prerel-windows-x86_64 | 3.2.1.1 | 50.00 | 177.00 | 227.00 | OK | |
r-patched-linux-x86_64 | 3.2.1.1 | 58.05 | 253.21 | 311.26 | OK | |
r-release-linux-x86_64 | 3.2.1.1 | 54.95 | 243.03 | 297.98 | OK | |
r-release-macos-arm64 | 3.2.1.1 | 129.00 | NOTE | |||
r-release-macos-x86_64 | 3.2.1.1 | 250.00 | NOTE | |||
r-release-windows-x86_64 | 3.2.1.1 | 64.00 | 207.00 | 271.00 | OK | |
r-oldrel-macos-arm64 | 3.2.1.1 | 116.00 | NOTE | |||
r-oldrel-windows-x86_64 | 3.2.1.1 | 57.00 | 182.00 | 239.00 | OK |
Version: 3.2.1.1
Check: installed package size
Result: NOTE
installed size is 8.9Mb
sub-directories of 1Mb or more:
R 2.0Mb
libs 5.4Mb
Flavors: r-prerel-macos-arm64, r-prerel-macos-x86_64, r-release-macos-arm64, r-release-macos-x86_64, r-oldrel-macos-arm64