Last updated on 2024-04-23 17:49:49 CEST.
Flavor | Version | Tinstall | Tcheck | Ttotal | Status | Flags |
---|---|---|---|---|---|---|
r-devel-linux-x86_64-debian-clang | 0.1.4 | 24.62 | 34.33 | 58.95 | NOTE | |
r-devel-linux-x86_64-debian-gcc | 0.1.4 | 17.22 | 26.52 | 43.74 | NOTE | |
r-devel-linux-x86_64-fedora-clang | 0.1.4 | 80.89 | NOTE | |||
r-devel-linux-x86_64-fedora-gcc | 0.1.4 | 97.49 | NOTE | |||
r-prerel-macos-arm64 | 0.1.4 | 30.00 | NOTE | |||
r-prerel-windows-x86_64 | 0.1.4 | 19.00 | 67.00 | 86.00 | NOTE | |
r-patched-linux-x86_64 | 0.1.4 | 23.87 | 32.91 | 56.78 | NOTE | |
r-release-linux-x86_64 | 0.1.4 | 22.25 | 32.02 | 54.27 | OK | |
r-release-macos-arm64 | 0.1.4 | 46.00 | OK | |||
r-release-macos-x86_64 | 0.1.4 | 81.00 | OK | |||
r-release-windows-x86_64 | 0.1.4 | 17.00 | 73.00 | 90.00 | OK | |
r-oldrel-macos-arm64 | 0.1.4 | 32.00 | OK | |||
r-oldrel-windows-x86_64 | 0.1.4 | 25.00 | 77.00 | 102.00 | OK |
Version: 0.1.4
Check: Rd files
Result: NOTE
checkRd: (-1) smith_waterman.Rd:56: Lost braces in \itemize; \value handles \item{}{} directly
checkRd: (-1) smith_waterman.Rd:57: Lost braces in \itemize; \value handles \item{}{} directly
checkRd: (-1) smith_waterman.Rd:58: Lost braces in \itemize; \value handles \item{}{} directly
checkRd: (-1) smith_waterman.Rd:59: Lost braces in \itemize; \value handles \item{}{} directly
checkRd: (-1) smith_waterman.Rd:60: Lost braces in \itemize; \value handles \item{}{} directly
checkRd: (-1) smith_waterman.Rd:61: Lost braces in \itemize; \value handles \item{}{} directly
checkRd: (-1) smith_waterman.Rd:62: Lost braces in \itemize; \value handles \item{}{} directly
checkRd: (-1) smith_waterman.Rd:63: Lost braces in \itemize; \value handles \item{}{} directly
checkRd: (-1) smith_waterman.Rd:64: Lost braces in \itemize; \value handles \item{}{} directly
checkRd: (-1) smith_waterman.Rd:68: Lost braces in \itemize; \value handles \item{}{} directly
checkRd: (-1) smith_waterman.Rd:69: Lost braces in \itemize; \value handles \item{}{} directly
checkRd: (-1) smith_waterman.Rd:70: Lost braces in \itemize; \value handles \item{}{} directly
checkRd: (-1) smith_waterman.Rd:71: Lost braces in \itemize; \value handles \item{}{} directly
checkRd: (-1) smith_waterman.Rd:72: Lost braces in \itemize; \value handles \item{}{} directly
checkRd: (-1) smith_waterman.Rd:74: Lost braces in \itemize; \value handles \item{}{} directly
checkRd: (-1) smith_waterman.Rd:75: Lost braces in \itemize; \value handles \item{}{} directly
checkRd: (-1) smith_waterman.Rd:76: Lost braces in \itemize; \value handles \item{}{} directly
checkRd: (-1) smith_waterman.Rd:77: Lost braces in \itemize; \value handles \item{}{} directly
checkRd: (-1) smith_waterman.Rd:78: Lost braces in \itemize; \value handles \item{}{} directly
checkRd: (-1) smith_waterman.Rd:79: Lost braces in \itemize; \value handles \item{}{} directly
checkRd: (-1) smith_waterman_misaligned.Rd:27: Lost braces in \itemize; meant \describe ?
checkRd: (-1) smith_waterman_misaligned.Rd:28: Lost braces in \itemize; meant \describe ?
checkRd: (-1) smith_waterman_misaligned.Rd:29: Lost braces in \itemize; meant \describe ?
checkRd: (-1) smith_waterman_misaligned.Rd:17: Lost braces in \itemize; \value handles \item{}{} directly
checkRd: (-1) smith_waterman_misaligned.Rd:18: Lost braces in \itemize; \value handles \item{}{} directly
checkRd: (-1) smith_waterman_misaligned.Rd:19: Lost braces in \itemize; \value handles \item{}{} directly
checkRd: (-1) smith_waterman_misaligned.Rd:20: Lost braces in \itemize; \value handles \item{}{} directly
checkRd: (-1) smith_waterman_misaligned.Rd:21: Lost braces in \itemize; \value handles \item{}{} directly
Flavors: r-devel-linux-x86_64-debian-clang, r-devel-linux-x86_64-debian-gcc, r-devel-linux-x86_64-fedora-clang, r-devel-linux-x86_64-fedora-gcc, r-prerel-macos-arm64, r-prerel-windows-x86_64, r-patched-linux-x86_64