CRAN Package Check Results for Package text

Last updated on 2024-06-16 11:58:09 CEST.

Flavor Version Tinstall Tcheck Ttotal Status Flags
r-devel-linux-x86_64-debian-clang 1.2.1 23.61 216.20 239.81 OK
r-devel-linux-x86_64-debian-gcc 1.2.1 21.13 159.14 180.27 OK
r-devel-linux-x86_64-fedora-clang 1.2.1 311.14 NOTE
r-devel-linux-x86_64-fedora-gcc 1.2.1 312.13 NOTE
r-devel-windows-x86_64 1.2.1 21.00 180.00 201.00 OK
r-patched-linux-x86_64 1.2.1 18.31 213.22 231.53 OK
r-release-linux-x86_64 1.2.1 17.85 210.11 227.96 OK
r-release-macos-arm64 1.2.1 92.00 OK
r-release-macos-x86_64 1.2.1 126.00 OK
r-release-windows-x86_64 1.2.1 21.00 191.00 212.00 OK
r-oldrel-macos-arm64 1.2.1 112.00 OK
r-oldrel-macos-x86_64 1.2.1 224.00 OK
r-oldrel-windows-x86_64 1.2.1 29.00 222.00 251.00 OK

Check Details

Version: 1.2.1
Check: data for non-ASCII characters
Result: NOTE Note: found 3 marked UTF-8 strings Flavors: r-devel-linux-x86_64-fedora-clang, r-devel-linux-x86_64-fedora-gcc