Last updated on 2024-03-29 06:56:42 CET.
Flavor | Version | Tinstall | Tcheck | Ttotal | Status | Flags |
---|---|---|---|---|---|---|
r-devel-linux-x86_64-debian-clang | 0.1.9 | 20.29 | 179.11 | 199.40 | OK | |
r-devel-linux-x86_64-debian-gcc | 0.1.9 | 15.99 | 134.72 | 150.71 | OK | |
r-devel-linux-x86_64-fedora-clang | 0.1.9 | 253.10 | NOTE | |||
r-devel-linux-x86_64-fedora-gcc | 0.1.9 | 239.34 | OK | |||
r-devel-windows-x86_64 | 0.1.9 | 18.00 | 142.00 | 160.00 | OK | |
r-patched-linux-x86_64 | 0.1.9 | 14.75 | 180.61 | 195.36 | OK | |
r-release-linux-x86_64 | 0.1.9 | 13.93 | 173.07 | 187.00 | OK | |
r-release-macos-arm64 | 0.1.9 | 73.00 | OK | |||
r-release-macos-x86_64 | 0.1.9 | 167.00 | OK | |||
r-release-windows-x86_64 | 0.1.9 | 24.00 | 185.00 | 209.00 | OK | |
r-oldrel-macos-arm64 | 0.1.9 | 71.00 | OK | |||
r-oldrel-windows-x86_64 | 0.1.9 | 24.00 | 175.00 | 199.00 | OK |
Version: 0.1.9
Check: whether startup messages can be suppressed
Result: NOTE
OMP: Warning #96: Cannot form a team with 24 threads, using 2 instead.
OMP: Hint Consider unsetting KMP_DEVICE_THREAD_LIMIT (KMP_ALL_THREADS), KMP_TEAMS_THREAD_LIMIT, and OMP_THREAD_LIMIT (if any are set).
It looks like this package (or a package it requires) has a startup
message which cannot be suppressed: see ?packageStartupMessage.
Flavor: r-devel-linux-x86_64-fedora-clang