Last updated on 2024-04-23 11:56:00 CEST.
Flavor | Version | Tinstall | Tcheck | Ttotal | Status | Flags |
---|---|---|---|---|---|---|
r-devel-linux-x86_64-debian-clang | 0.4.4 | 6.87 | 54.88 | 61.75 | NOTE | |
r-devel-linux-x86_64-debian-gcc | 0.4.4 | 4.17 | 40.63 | 44.80 | NOTE | |
r-devel-linux-x86_64-fedora-clang | 0.4.4 | 78.30 | NOTE | |||
r-devel-linux-x86_64-fedora-gcc | 0.4.4 | 87.13 | NOTE | |||
r-prerel-macos-arm64 | 0.4.4 | 34.00 | NOTE | |||
r-prerel-windows-x86_64 | 0.4.4 | 8.00 | 69.00 | 77.00 | NOTE | |
r-patched-linux-x86_64 | 0.4.4 | 7.10 | 50.72 | 57.82 | NOTE | |
r-release-linux-x86_64 | 0.4.4 | 3.90 | 49.96 | 53.86 | OK | |
r-release-macos-arm64 | 0.4.4 | 32.00 | OK | |||
r-release-macos-x86_64 | 0.4.4 | 48.00 | OK | |||
r-release-windows-x86_64 | 0.4.4 | 8.00 | 72.00 | 80.00 | OK | |
r-oldrel-macos-arm64 | 0.4.4 | 23.00 | OK | |||
r-oldrel-windows-x86_64 | 0.4.4 | 8.00 | 68.00 | 76.00 | OK |
Version: 0.4.4
Check: Rd files
Result: NOTE
checkRd: (-1) lexicon_afinn.Rd:48: Lost braces; missing escapes or markup?
48 | ``A new {ANEW:} Evaluation of a word list for sentiment analysis in
| ^
checkRd: (-1) lexicon_afinn.Rd:54: Lost braces; missing escapes or markup?
54 | title = \{A new {ANEW:} Evaluation of a word list for sentiment analysis in microblogs\}, \cr
| ^
Flavors: r-devel-linux-x86_64-debian-clang, r-devel-linux-x86_64-debian-gcc, r-devel-linux-x86_64-fedora-clang, r-devel-linux-x86_64-fedora-gcc, r-prerel-macos-arm64, r-prerel-windows-x86_64, r-patched-linux-x86_64