Last updated on 2023-05-28 12:02:04 CEST.
Flavor | Version | Tinstall | Tcheck | Ttotal | Status | Flags |
---|---|---|---|---|---|---|
r-devel-linux-x86_64-debian-clang | 0.3.3 | 11.49 | 48.98 | 60.47 | NOTE | |
r-devel-linux-x86_64-debian-gcc | 0.3.3 | 9.66 | 37.79 | 47.45 | NOTE | |
r-devel-linux-x86_64-fedora-clang | 0.3.3 | 81.41 | NOTE | |||
r-devel-linux-x86_64-fedora-gcc | 0.3.3 | 74.97 | NOTE | |||
r-devel-windows-x86_64 | 0.3.3 | 13.00 | 57.00 | 70.00 | NOTE | |
r-patched-linux-x86_64 | 0.3.3 | 10.85 | 46.75 | 57.60 | NOTE | |
r-release-linux-x86_64 | 0.3.3 | 10.51 | 47.01 | 57.52 | NOTE | |
r-release-macos-arm64 | 0.3.3 | 31.00 | NOTE | |||
r-release-macos-x86_64 | 0.3.3 | 47.00 | NOTE | |||
r-release-windows-x86_64 | 0.3.3 | 16.00 | 63.00 | 79.00 | NOTE | |
r-oldrel-macos-arm64 | 0.3.3 | 30.00 | NOTE | |||
r-oldrel-macos-x86_64 | 0.3.3 | 50.00 | NOTE | |||
r-oldrel-windows-x86_64 | 0.3.3 | 15.00 | 65.00 | 80.00 | NOTE |
Version: 0.3.3
Check: LazyData
Result: NOTE
'LazyData' is specified without a 'data' directory
Flavors: r-devel-linux-x86_64-debian-clang, r-devel-linux-x86_64-debian-gcc, r-devel-linux-x86_64-fedora-clang, r-devel-linux-x86_64-fedora-gcc, r-devel-windows-x86_64, r-patched-linux-x86_64, r-release-linux-x86_64, r-release-macos-arm64, r-release-macos-x86_64, r-release-windows-x86_64, r-oldrel-macos-arm64, r-oldrel-macos-x86_64, r-oldrel-windows-x86_64