CRAN Package Check Results for Package textfeatures

Last updated on 2019-10-16 11:50:07 CEST.

Flavor Version Tinstall Tcheck Ttotal Status Flags
r-devel-linux-x86_64-debian-clang 0.3.3 11.11 37.23 48.34 OK
r-devel-linux-x86_64-debian-gcc 0.3.3 9.75 28.08 37.83 ERROR
r-devel-linux-x86_64-fedora-clang 0.3.3 60.35 OK
r-devel-linux-x86_64-fedora-gcc 0.3.3 59.90 OK
r-devel-windows-ix86+x86_64 0.3.3 21.00 72.00 93.00 OK
r-patched-linux-x86_64 0.3.3 10.48 36.13 46.61 OK
r-patched-solaris-x86 0.3.3 101.70 OK
r-release-linux-x86_64 0.3.3 10.79 36.05 46.84 OK
r-release-windows-ix86+x86_64 0.3.3 21.00 66.00 87.00 OK
r-release-osx-x86_64 0.3.3 OK
r-oldrel-windows-ix86+x86_64 0.3.3 15.00 46.00 61.00 OK
r-oldrel-osx-x86_64 0.3.3 OK

Check Details

Version: 0.3.3
Check: examples
Result: ERROR
    Running examples in ‘textfeatures-Ex.R’ failed
    The error most likely occurred in:
    
    > base::assign(".ptime", proc.time(), pos = "CheckExEnv")
    > ### Name: word_dims_newtext
    > ### Title: Calculates word2vec dimension estimates
    > ### Aliases: word_dims_newtext word_dims
    >
    > ### ** Examples
    >
    > trump_tweets <- c(
    + "#FraudNewsCNN #FNN https://t.co/WYUnHjjUjg",
    + "TODAY WE MAKE AMERICA GREAT AGAIN!",
    + paste("Why would Kim Jong-un insult me by calling me \"old,\" when I would",
    + "NEVER call him \"short and fat?\" Oh well, I try so hard to be his",
    + "friend - and maybe someday that will happen!"),
    + paste("Such a beautiful and important evening! The forgotten man and woman",
    + "will never be forgotten again. We will all come together as never before"),
    + paste("North Korean Leader Kim Jong Un just stated that the \"Nuclear",
    + "Button is on his desk at all times.\" Will someone from his depleted and",
    + "food starved regime please inform him that I too have a Nuclear Button,",
    + "but it is a much bigger &amp; more powerful one than his, and my Button",
    + "works!")
    + )
    > word_dims(trump_tweets)
    Error in makeActiveBinding(name, active_copies[[name]], new_slice$binding) :
     not a function
    Calls: word_dims ... create_vocabulary.itoken -> <Anonymous> -> copy_slice -> makeActiveBinding
    Execution halted
Flavor: r-devel-linux-x86_64-debian-gcc