Last updated on 2023-03-25 05:50:47 CET.
Flavor | Version | Tinstall | Tcheck | Ttotal | Status | Flags |
---|---|---|---|---|---|---|
r-devel-linux-x86_64-debian-clang | 1.0.2 | 22.08 | 235.44 | 257.52 | NOTE | |
r-devel-linux-x86_64-debian-gcc | 1.0.2 | 15.54 | 179.00 | 194.54 | NOTE | |
r-devel-linux-x86_64-fedora-clang | 1.0.2 | 360.30 | NOTE | |||
r-devel-linux-x86_64-fedora-gcc | 1.0.2 | 339.13 | NOTE | |||
r-patched-linux-x86_64 | 1.0.2 | 26.38 | 241.32 | 267.70 | OK | |
r-release-linux-x86_64 | 1.0.2 | 18.08 | 225.99 | 244.07 | OK | |
r-release-macos-arm64 | 1.0.2 | 75.00 | OK | |||
r-release-macos-x86_64 | 1.0.2 | 113.00 | OK | |||
r-release-windows-x86_64 | 1.0.2 | 151.00 | 275.00 | 426.00 | OK | |
r-oldrel-macos-arm64 | 1.0.2 | 68.00 | OK | |||
r-oldrel-macos-x86_64 | 1.0.2 | 117.00 | OK | |||
r-oldrel-windows-ix86+x86_64 | 1.0.2 | 50.00 | 434.00 | 484.00 | OK |
Version: 1.0.2
Check: C++ specification
Result: NOTE
Specified C++11: please drop specification unless essential
Flavors: r-devel-linux-x86_64-debian-clang, r-devel-linux-x86_64-debian-gcc, r-devel-linux-x86_64-fedora-clang, r-devel-linux-x86_64-fedora-gcc
Version: 1.0.2
Check: data for non-ASCII characters
Result: NOTE
Note: found 4 marked UTF-8 strings
Flavors: r-devel-linux-x86_64-fedora-clang, r-devel-linux-x86_64-fedora-gcc