Last updated on 2024-08-16 11:49:53 CEST.
Flavor | Version | Tinstall | Tcheck | Ttotal | Status | Flags |
---|---|---|---|---|---|---|
r-devel-linux-x86_64-debian-clang | 0.1.5 | 23.11 | 60.93 | 84.04 | NOTE | |
r-devel-linux-x86_64-debian-gcc | 0.1.5 | 16.42 | 45.80 | 62.22 | NOTE | |
r-devel-linux-x86_64-fedora-clang | 0.1.5 | 150.56 | NOTE | |||
r-devel-linux-x86_64-fedora-gcc | 0.1.5 | 155.51 | NOTE | |||
r-devel-windows-x86_64 | 0.1.5 | 30.00 | 102.00 | 132.00 | NOTE | |
r-patched-linux-x86_64 | 0.1.5 | 23.38 | 57.57 | 80.95 | NOTE | |
r-release-linux-x86_64 | 0.1.5 | 22.44 | 58.16 | 80.60 | NOTE | |
r-release-macos-arm64 | 0.1.5 | 52.00 | NOTE | |||
r-release-macos-x86_64 | 0.1.5 | 69.00 | NOTE | |||
r-release-windows-x86_64 | 0.1.5 | 34.00 | 103.00 | 137.00 | NOTE | |
r-oldrel-macos-arm64 | 0.1.5 | 60.00 | NOTE | |||
r-oldrel-macos-x86_64 | 0.1.5 | 88.00 | NOTE | |||
r-oldrel-windows-x86_64 | 0.1.5 | 36.00 | 117.00 | 153.00 | NOTE |
Version: 0.1.5
Check: LazyData
Result: NOTE
'LazyData' is specified without a 'data' directory
Flavors: r-devel-linux-x86_64-debian-clang, r-devel-linux-x86_64-debian-gcc, r-devel-linux-x86_64-fedora-clang, r-devel-linux-x86_64-fedora-gcc, r-devel-windows-x86_64, r-patched-linux-x86_64, r-release-linux-x86_64, r-release-macos-arm64, r-release-macos-x86_64, r-release-windows-x86_64, r-oldrel-macos-arm64, r-oldrel-macos-x86_64, r-oldrel-windows-x86_64
Version: 0.1.5
Check: Rd cross-references
Result: NOTE
Undeclared package ‘tm’ in Rd xrefs
Flavor: r-devel-linux-x86_64-fedora-clang