Last updated on 2023-03-22 05:52:41 CET.
Flavor | Version | Tinstall | Tcheck | Ttotal | Status | Flags |
---|---|---|---|---|---|---|
r-devel-linux-x86_64-debian-clang | 1.7.3 | 4.36 | 47.43 | 51.79 | NOTE | |
r-devel-linux-x86_64-debian-gcc | 1.7.3 | 3.59 | 34.95 | 38.54 | NOTE | |
r-devel-linux-x86_64-fedora-clang | 1.7.3 | 66.38 | NOTE | |||
r-devel-linux-x86_64-fedora-gcc | 1.7.3 | 60.28 | NOTE | |||
r-patched-linux-x86_64 | 1.7.3 | 4.37 | 45.21 | 49.58 | NOTE | |
r-release-linux-x86_64 | 1.7.3 | 4.30 | 46.40 | 50.70 | NOTE | |
r-release-macos-arm64 | 1.7.3 | 22.00 | OK | |||
r-release-macos-x86_64 | 1.7.3 | 37.00 | NOTE | |||
r-release-windows-x86_64 | 1.7.3 | 41.00 | 73.00 | 114.00 | OK | |
r-oldrel-macos-arm64 | 1.7.3 | 29.00 | OK | |||
r-oldrel-macos-x86_64 | 1.7.3 | 34.00 | OK | |||
r-oldrel-windows-ix86+x86_64 | 1.7.3 | 9.00 | 69.00 | 78.00 | OK |
Version: 1.7.3
Check: Rd cross-references
Result: NOTE
Unknown package ‘textreadr’ in Rd xrefs
Flavors: r-devel-linux-x86_64-debian-clang, r-devel-linux-x86_64-debian-gcc, r-devel-linux-x86_64-fedora-gcc, r-patched-linux-x86_64, r-release-linux-x86_64
Version: 1.7.3
Check: Rd cross-references
Result: NOTE
Undeclared packages ‘tm’, ‘textreadr’ in Rd xrefs
Unknown package ‘textreadr’ in Rd xrefs
Flavor: r-devel-linux-x86_64-fedora-clang
Version: 1.7.3
Check: Rd cross-references
Result: NOTE
Package unavailable to check Rd xrefs: ‘textreadr’
Flavor: r-release-macos-x86_64