CRAN Package Check Results for Package tframe

Last updated on 2019-03-23 17:48:26 CET.

Flavor Version Tinstall Tcheck Ttotal Status Flags
r-devel-linux-x86_64-debian-clang 2015.12-1 2.65 25.39 28.04 OK
r-devel-linux-x86_64-debian-gcc 2015.12-1 1.96 20.18 22.14 OK
r-devel-linux-x86_64-fedora-clang 2015.12-1 34.03 OK
r-devel-linux-x86_64-fedora-gcc 2015.12-1 33.84 OK
r-devel-windows-ix86+x86_64 2015.12-1 7.00 59.00 66.00 OK
r-patched-linux-x86_64 2015.12-1 1.55 23.84 25.39 OK
r-patched-solaris-x86 2015.12-1 47.20 OK
r-release-linux-x86_64 2015.12-1 0.25 2.10 2.35 ERROR
r-release-windows-ix86+x86_64 2015.12-1 3.00 39.00 42.00 OK
r-release-osx-x86_64 2015.12-1 OK
r-oldrel-windows-ix86+x86_64 2015.12-1 3.00 48.00 51.00 OK
r-oldrel-osx-x86_64 2015.12-1 OK

Check Details

Version: 2015.12-1
Check: whether package can be installed
Result: ERROR
    Installation failed.
Flavor: r-release-linux-x86_64