CRAN Package Check Results for Package tggd

Last updated on 2024-05-29 05:59:35 CEST.

Flavor Version Tinstall Tcheck Ttotal Status Flags
r-devel-linux-x86_64-debian-clang 0.1.1 2.29 25.27 27.56 NOTE
r-devel-linux-x86_64-debian-gcc 0.1.1 1.61 19.15 20.76 NOTE
r-devel-linux-x86_64-fedora-clang 0.1.1 34.41 NOTE
r-devel-linux-x86_64-fedora-gcc 0.1.1 32.30 NOTE
r-devel-windows-x86_64 0.1.1 3.00 46.00 49.00 NOTE
r-patched-linux-x86_64 0.1.1 3.90 23.48 27.38 NOTE
r-release-linux-x86_64 0.1.1 1.94 24.76 26.70 NOTE
r-release-macos-arm64 0.1.1 15.00 NOTE
r-release-windows-x86_64 0.1.1 2.00 46.00 48.00 NOTE
r-oldrel-macos-arm64 0.1.1 17.00 NOTE
r-oldrel-macos-x86_64 0.1.1 23.00 NOTE
r-oldrel-windows-x86_64 0.1.1 3.00 47.00 50.00 NOTE

Check Details

Version: 0.1.1
Check: LazyData
Result: NOTE 'LazyData' is specified without a 'data' directory Flavors: r-devel-linux-x86_64-debian-clang, r-devel-linux-x86_64-debian-gcc, r-devel-linux-x86_64-fedora-clang, r-devel-linux-x86_64-fedora-gcc, r-devel-windows-x86_64, r-patched-linux-x86_64, r-release-linux-x86_64, r-release-macos-arm64, r-release-windows-x86_64, r-oldrel-macos-arm64, r-oldrel-macos-x86_64, r-oldrel-windows-x86_64