Last updated on 2024-04-25 08:00:10 CEST.
Flavor | Version | Tinstall | Tcheck | Ttotal | Status | Flags |
---|---|---|---|---|---|---|
r-devel-linux-x86_64-debian-clang | 1.0.0 | 1.65 | 22.96 | 24.61 | NOTE | |
r-devel-linux-x86_64-debian-gcc | 1.0.0 | 1.58 | 17.41 | 18.99 | NOTE | |
r-devel-linux-x86_64-fedora-clang | 1.0.0 | 31.49 | NOTE | |||
r-devel-linux-x86_64-fedora-gcc | 1.0.0 | 107.68 | NOTE | |||
r-devel-windows-x86_64 | 1.0.0 | 3.00 | 39.00 | 42.00 | NOTE | |
r-patched-linux-x86_64 | 1.0.0 | 2.06 | 21.85 | 23.91 | NOTE | |
r-release-linux-x86_64 | 1.0.0 | 2.01 | 21.26 | 23.27 | NOTE | |
r-release-macos-arm64 | 1.0.0 | 38.00 | NOTE | |||
r-release-windows-x86_64 | 1.0.0 | 2.00 | 40.00 | 42.00 | NOTE | |
r-oldrel-macos-arm64 | 1.0.0 | 33.00 | NOTE | |||
r-oldrel-macos-x86_64 | 1.0.0 | 80.00 | NOTE | |||
r-oldrel-windows-x86_64 | 1.0.0 | 2.00 | 39.00 | 41.00 | NOTE |
Version: 1.0.0
Check: Rd files
Result: NOTE
checkRd: (-1) shoulders.Rd:21: Lost braces in \itemize; \value handles \item{}{} directly
checkRd: (-1) shoulders.Rd:22: Lost braces in \itemize; \value handles \item{}{} directly
checkRd: (-1) shoulders.Rd:23: Lost braces in \itemize; \value handles \item{}{} directly
Flavors: r-devel-linux-x86_64-debian-clang, r-devel-linux-x86_64-debian-gcc, r-devel-linux-x86_64-fedora-clang, r-devel-linux-x86_64-fedora-gcc, r-devel-windows-x86_64, r-patched-linux-x86_64, r-release-macos-arm64, r-release-windows-x86_64
Version: 1.0.0
Check: LazyData
Result: NOTE
'LazyData' is specified without a 'data' directory
Flavors: r-devel-linux-x86_64-debian-clang, r-devel-linux-x86_64-debian-gcc, r-devel-linux-x86_64-fedora-clang, r-devel-linux-x86_64-fedora-gcc, r-devel-windows-x86_64, r-patched-linux-x86_64, r-release-linux-x86_64, r-release-macos-arm64, r-release-windows-x86_64, r-oldrel-macos-arm64, r-oldrel-macos-x86_64, r-oldrel-windows-x86_64