CRAN Package Check Results for Package threesixtygiving

Last updated on 2024-02-22 00:58:44 CET.

Flavor Version Tinstall Tcheck Ttotal Status Flags
r-devel-linux-x86_64-debian-clang 0.2.2 NOTE
r-devel-linux-x86_64-debian-gcc 0.2.2 6.84 51.22 58.06 NOTE
r-devel-linux-x86_64-fedora-clang 0.2.2 92.20 NOTE
r-devel-linux-x86_64-fedora-gcc 0.2.2 100.91 NOTE
r-devel-windows-x86_64 0.2.2 8.00 71.00 79.00 NOTE
r-patched-linux-x86_64 0.2.2 8.90 65.35 74.25 NOTE
r-release-linux-x86_64 0.2.2 5.22 64.44 69.66 NOTE
r-release-macos-arm64 0.2.2 37.00 NOTE
r-release-macos-x86_64 0.2.2 58.00 NOTE
r-release-windows-x86_64 0.2.2 10.00 81.00 91.00 NOTE
r-oldrel-macos-arm64 0.2.2 31.00 NOTE
r-oldrel-windows-x86_64 0.2.2 10.00 86.00 96.00 NOTE

Check Details

Version: 0.2.2
Check: LazyData
Result: NOTE 'LazyData' is specified without a 'data' directory Flavors: r-devel-linux-x86_64-debian-clang, r-devel-linux-x86_64-debian-gcc, r-devel-linux-x86_64-fedora-clang, r-devel-linux-x86_64-fedora-gcc, r-devel-windows-x86_64, r-patched-linux-x86_64, r-release-linux-x86_64, r-release-macos-arm64, r-release-macos-x86_64, r-release-windows-x86_64, r-oldrel-macos-arm64, r-oldrel-windows-x86_64